Last updated on 2025-10-23 23:49:33 CEST.
| Flavor | Version | Tinstall | Tcheck | Ttotal | Status | Flags |
|---|---|---|---|---|---|---|
| r-devel-linux-x86_64-debian-clang | 1.1-4 | 2.85 | 24.71 | 27.56 | NOTE | |
| r-devel-linux-x86_64-debian-gcc | 1.1-4 | 2.23 | 19.32 | 21.55 | NOTE | |
| r-devel-linux-x86_64-fedora-clang | 1.1-4 | 42.02 | OK | |||
| r-devel-linux-x86_64-fedora-gcc | 1.1-4 | 36.63 | OK | |||
| r-devel-windows-x86_64 | 1.1-4 | 6.00 | 44.00 | 50.00 | OK | |
| r-patched-linux-x86_64 | 1.1-4 | 2.96 | 23.15 | 26.11 | OK | |
| r-release-linux-x86_64 | 1.1-4 | 3.00 | 23.06 | 26.06 | OK | |
| r-release-macos-arm64 | 1.1-4 | 3.00 | 18.00 | 21.00 | OK | |
| r-release-macos-x86_64 | 1.1-4 | 5.00 | 24.00 | 29.00 | OK | |
| r-release-windows-x86_64 | 1.1-4 | 6.00 | 51.00 | 57.00 | OK | |
| r-oldrel-macos-arm64 | 1.1-4 | 3.00 | 15.00 | 18.00 | OK | |
| r-oldrel-macos-x86_64 | 1.1-4 | 4.00 | 21.00 | 25.00 | OK | |
| r-oldrel-windows-x86_64 | 1.1-4 | 7.00 | 45.00 | 52.00 | OK |
Version: 1.1-4
Check: CRAN incoming feasibility
Result: NOTE
Maintainer: ‘Bjoern Bornkamp <bbnkmp@mail.de>’
No Authors@R field in DESCRIPTION.
Please add one, modifying
Authors@R: person(given = "Bjoern",
family = "Bornkamp",
role = c("aut", "cre"),
email = "bbnkmp@mail.de")
as necessary.
Flavors: r-devel-linux-x86_64-debian-clang, r-devel-linux-x86_64-debian-gcc