Last updated on 2025-10-21 17:49:51 CEST.
Flavor | Version | Tinstall | Tcheck | Ttotal | Status | Flags |
---|---|---|---|---|---|---|
r-devel-linux-x86_64-debian-clang | 1.12.2 | 12.00 | 87.14 | 99.14 | NOTE | |
r-devel-linux-x86_64-debian-gcc | 1.12.2 | 8.65 | 61.00 | 69.65 | NOTE | |
r-devel-linux-x86_64-fedora-clang | 1.12.2 | 36.00 | 108.48 | 144.48 | NOTE | |
r-devel-linux-x86_64-fedora-gcc | 1.12.2 | 24.00 | 107.75 | 131.75 | NOTE | |
r-devel-windows-x86_64 | 1.12.2 | 12.00 | 99.00 | 111.00 | NOTE | |
r-patched-linux-x86_64 | 1.12.2 | 12.03 | 81.93 | 93.96 | NOTE | |
r-release-linux-x86_64 | 1.12.2 | 9.74 | 80.75 | 90.49 | NOTE | |
r-release-macos-arm64 | 1.12.2 | 5.00 | 33.00 | 38.00 | NOTE | |
r-release-macos-x86_64 | 1.12.2 | 9.00 | 63.00 | 72.00 | NOTE | |
r-release-windows-x86_64 | 1.12.2 | 13.00 | 102.00 | 115.00 | NOTE | |
r-oldrel-macos-arm64 | 1.12.2 | 6.00 | 39.00 | 45.00 | OK | |
r-oldrel-macos-x86_64 | 1.12.2 | 17.00 | 97.00 | 114.00 | OK | |
r-oldrel-windows-x86_64 | 1.12.2 | 18.00 | 125.00 | 143.00 | OK |
Version: 1.12.2
Check: CRAN incoming feasibility
Result: NOTE
Maintainer: ‘Thomas Bishop <tombishopemail@gmail.com>’
No Authors@R field in DESCRIPTION.
Please add one, modifying
Authors@R: person(given = "Thomas",
family = "Bishop",
role = c("aut", "cre"),
email = "tombishopemail@gmail.com")
as necessary.
Flavors: r-devel-linux-x86_64-debian-clang, r-devel-linux-x86_64-debian-gcc
Version: 1.12.2
Check: DESCRIPTION meta-information
Result: NOTE
Missing dependency on R >= 4.1.0 because package code uses the pipe
|> or function shorthand \(...) syntax added in R 4.1.0.
File(s) using such syntax:
‘itrax_munsell.R’
Flavors: r-devel-linux-x86_64-debian-clang, r-devel-linux-x86_64-debian-gcc, r-devel-linux-x86_64-fedora-clang, r-devel-linux-x86_64-fedora-gcc, r-devel-windows-x86_64, r-patched-linux-x86_64, r-release-linux-x86_64, r-release-macos-arm64, r-release-macos-x86_64, r-release-windows-x86_64
Version: 1.12.2
Check: HTML version of manual
Result: NOTE
Found the following HTML validation problems:
multivariate_import.html:58:1 (multivariate_import.Rd:16): Warning: missing </ul> before </div>
uid_labeller.html:49:1 (uid_labeller.Rd:10): Warning: missing </ul> before </div>
Flavors: r-devel-linux-x86_64-debian-clang, r-devel-linux-x86_64-debian-gcc