Last updated on 2025-10-21 23:50:57 CEST.
Flavor | Version | Tinstall | Tcheck | Ttotal | Status | Flags |
---|---|---|---|---|---|---|
r-devel-linux-x86_64-debian-clang | 2.2.1 | 4.94 | 86.22 | 91.16 | NOTE | |
r-devel-linux-x86_64-debian-gcc | 2.2.1 | 4.08 | 60.93 | 65.01 | NOTE | |
r-devel-linux-x86_64-fedora-clang | 2.2.1 | 14.00 | 126.84 | 140.84 | OK | |
r-devel-linux-x86_64-fedora-gcc | 2.2.1 | 14.00 | 122.40 | 136.40 | OK | |
r-devel-windows-x86_64 | 2.2.1 | 7.00 | 101.00 | 108.00 | OK | |
r-patched-linux-x86_64 | 2.2.1 | 6.21 | 79.43 | 85.64 | OK | |
r-release-linux-x86_64 | 2.2.1 | 5.59 | 80.02 | 85.61 | OK | |
r-release-macos-arm64 | 2.2.1 | 3.00 | 43.00 | 46.00 | OK | |
r-release-macos-x86_64 | 2.2.1 | 4.00 | 78.00 | 82.00 | OK | |
r-release-windows-x86_64 | 2.2.1 | 8.00 | 102.00 | 110.00 | OK | |
r-oldrel-macos-arm64 | 2.2.1 | 2.00 | 51.00 | 53.00 | OK | |
r-oldrel-macos-x86_64 | 2.2.1 | 5.00 | 92.00 | 97.00 | OK | |
r-oldrel-windows-x86_64 | 2.2.1 | 11.00 | 126.00 | 137.00 | OK |
Version: 2.2.1
Check: HTML version of manual
Result: NOTE
Found the following HTML validation problems:
crosstab.html:46:1 (crosstab.Rd:10): Warning: missing </ul> before </div>
Flavors: r-devel-linux-x86_64-debian-clang, r-devel-linux-x86_64-debian-gcc