Last updated on 2025-10-24 11:50:49 CEST.
| Flavor | Version | Tinstall | Tcheck | Ttotal | Status | Flags |
|---|---|---|---|---|---|---|
| r-devel-linux-x86_64-debian-clang | 0.3.2 | 48.63 | 44.79 | 93.42 | OK | |
| r-devel-linux-x86_64-debian-gcc | 0.3.2 | 39.40 | 35.63 | 75.03 | OK | |
| r-devel-linux-x86_64-fedora-clang | 0.3.2 | 135.00 | 27.85 | 162.85 | OK | |
| r-devel-linux-x86_64-fedora-gcc | 0.3.2 | 106.00 | 74.02 | 180.02 | OK | |
| r-devel-windows-x86_64 | 0.3.2 | 50.00 | 91.00 | 141.00 | OK | |
| r-patched-linux-x86_64 | 0.3.2 | 55.77 | 41.53 | 97.30 | OK | |
| r-release-linux-x86_64 | 0.3.2 | 53.01 | 40.76 | 93.77 | OK | |
| r-release-macos-arm64 | 0.3.2 | 22.00 | 44.00 | 66.00 | OK | |
| r-release-macos-x86_64 | 0.3.2 | 30.00 | 65.00 | 95.00 | OK | |
| r-release-windows-x86_64 | 0.3.2 | 52.00 | 86.00 | 138.00 | OK | |
| r-oldrel-macos-arm64 | 0.3.2 | 21.00 | 61.00 | 82.00 | NOTE | |
| r-oldrel-macos-x86_64 | 0.3.2 | 22.00 | 111.00 | 133.00 | NOTE | |
| r-oldrel-windows-x86_64 | 0.3.2 | 56.00 | 108.00 | 164.00 | OK |
Version: 0.3.2
Check: installed package size
Result: NOTE
installed size is 7.4Mb
sub-directories of 1Mb or more:
libs 7.1Mb
Flavors: r-oldrel-macos-arm64, r-oldrel-macos-x86_64