Last updated on 2025-10-21 17:49:51 CEST.
Flavor | Version | Tinstall | Tcheck | Ttotal | Status | Flags |
---|---|---|---|---|---|---|
r-devel-linux-x86_64-debian-clang | 0.1.1 | 2.06 | 23.25 | 25.31 | NOTE | |
r-devel-linux-x86_64-debian-gcc | 0.1.1 | 1.54 | 18.66 | 20.20 | NOTE | |
r-devel-linux-x86_64-fedora-clang | 0.1.1 | 36.31 | OK | |||
r-devel-linux-x86_64-fedora-gcc | 0.1.1 | 33.01 | OK | |||
r-devel-windows-x86_64 | 0.1.1 | 3.00 | 43.00 | 46.00 | OK | |
r-patched-linux-x86_64 | 0.1.1 | 1.84 | 21.62 | 23.46 | OK | |
r-release-linux-x86_64 | 0.1.1 | 1.88 | 21.39 | 23.27 | OK | |
r-release-macos-arm64 | 0.1.1 | 1.00 | 14.00 | 15.00 | OK | |
r-release-macos-x86_64 | 0.1.1 | 2.00 | 23.00 | 25.00 | OK | |
r-release-windows-x86_64 | 0.1.1 | 4.00 | 49.00 | 53.00 | OK | |
r-oldrel-macos-arm64 | 0.1.1 | 1.00 | 14.00 | 15.00 | OK | |
r-oldrel-macos-x86_64 | 0.1.1 | 2.00 | 18.00 | 20.00 | OK | |
r-oldrel-windows-x86_64 | 0.1.1 | 4.00 | 42.00 | 46.00 | OK |
Version: 0.1.1
Check: CRAN incoming feasibility
Result: NOTE
Maintainer: ‘James Balamuta <balamut2@illinois.edu>’
Package CITATION file contains call(s) to old-style citEntry(). Please
use bibentry() instead.
Flavors: r-devel-linux-x86_64-debian-clang, r-devel-linux-x86_64-debian-gcc