CRAN Package Check Results for Package jmv

Last updated on 2025-10-21 11:53:27 CEST.

Flavor Version Tinstall Tcheck Ttotal Status Flags
r-devel-linux-x86_64-debian-clang 2.7.7 90.67 164.64 255.31 NOTE
r-devel-linux-x86_64-debian-gcc 2.7.7 53.89 110.27 164.16 NOTE
r-devel-linux-x86_64-fedora-clang 2.7.7 441.21 NOTE
r-devel-linux-x86_64-fedora-gcc 2.7.7 226.00 154.34 380.34 NOTE
r-devel-windows-x86_64 2.7.7 86.00 160.00 246.00 OK
r-patched-linux-x86_64 2.7.7 84.26 149.26 233.52 OK
r-release-linux-x86_64 2.7.7 85.59 149.15 234.74 OK
r-release-macos-arm64 2.7.7 89.00 OK
r-release-macos-x86_64 2.7.7 79.00 92.00 171.00 OK
r-release-windows-x86_64 2.7.7 82.00 164.00 246.00 OK
r-oldrel-macos-arm64 2.7.7 96.00 NOTE
r-oldrel-macos-x86_64 2.7.7 209.00 NOTE
r-oldrel-windows-x86_64 2.7.7 119.00 209.00 328.00 NOTE

Check Details

Version: 2.7.7
Check: HTML version of manual
Result: NOTE Found the following HTML validation problems: setAnalysisNotice.html:58:1 (setAnalysisNotice.Rd:16): Warning: missing </ul> before </div> setRefLevelWarning.html:50:1 (setRefLevelWarning.Rd:12): Warning: missing </ul> before </div> setSingularityWarning.html:46:1 (setSingularityWarning.Rd:10): Warning: missing </ul> before </div> Flavors: r-devel-linux-x86_64-debian-clang, r-devel-linux-x86_64-debian-gcc

Version: 2.7.7
Check: dependencies in R code
Result: NOTE Namespaces in Imports field not imported from: ‘BayesFactor’ ‘GGally’ ‘GPArotation’ ‘MASS’ ‘PMCMR’ ‘R6’ ‘ROCR’ ‘afex’ ‘car’ ‘dplyr’ ‘emmeans’ ‘ggrepel’ ‘ggridges’ ‘lavaan’ ‘matrixStats’ ‘multcomp’ ‘mvnormtest’ ‘nnet’ ‘psych’ ‘vcd’ ‘vcdExtra’ All declared Imports should be used. Flavors: r-devel-linux-x86_64-fedora-clang, r-devel-linux-x86_64-fedora-gcc

Version: 2.7.7
Check: installed package size
Result: NOTE installed size is 8.4Mb sub-directories of 1Mb or more: R 4.1Mb i18n 4.1Mb Flavors: r-oldrel-macos-arm64, r-oldrel-macos-x86_64, r-oldrel-windows-x86_64