Last updated on 2025-10-21 23:50:58 CEST.
Flavor | Version | Tinstall | Tcheck | Ttotal | Status | Flags |
---|---|---|---|---|---|---|
r-devel-linux-x86_64-debian-clang | 0.2.4 | 5.42 | 132.58 | 138.00 | NOTE | |
r-devel-linux-x86_64-debian-gcc | 0.2.4 | 3.68 | 89.38 | 93.06 | NOTE | |
r-devel-linux-x86_64-fedora-clang | 0.2.4 | 15.00 | 183.95 | 198.95 | NOTE | |
r-devel-linux-x86_64-fedora-gcc | 0.2.4 | 11.00 | 181.81 | 192.81 | NOTE | |
r-devel-windows-x86_64 | 0.2.4 | 7.00 | 137.00 | 144.00 | NOTE | |
r-patched-linux-x86_64 | 0.2.4 | 6.52 | 116.85 | 123.37 | NOTE | |
r-release-linux-x86_64 | 0.2.4 | 5.36 | 118.80 | 124.16 | NOTE | |
r-release-macos-arm64 | 0.2.4 | 3.00 | 79.00 | 82.00 | NOTE | |
r-release-macos-x86_64 | 0.2.4 | 7.00 | 148.00 | 155.00 | NOTE | |
r-release-windows-x86_64 | 0.2.4 | 7.00 | 138.00 | 145.00 | NOTE | |
r-oldrel-macos-arm64 | 0.2.4 | 2.00 | 61.00 | 63.00 | OK | |
r-oldrel-macos-x86_64 | 0.2.4 | 4.00 | 167.00 | 171.00 | OK | |
r-oldrel-windows-x86_64 | 0.2.4 | 9.00 | 167.00 | 176.00 | OK |
Version: 0.2.4
Check: DESCRIPTION meta-information
Result: NOTE
Missing dependency on R >= 4.2.0 because package code uses the pipe
placeholder syntax added in R 4.2.0.
File(s) using such syntax:
‘joyn-merge.R’
Flavors: r-devel-linux-x86_64-debian-clang, r-devel-linux-x86_64-debian-gcc, r-devel-linux-x86_64-fedora-clang, r-devel-linux-x86_64-fedora-gcc, r-devel-windows-x86_64, r-patched-linux-x86_64, r-release-linux-x86_64, r-release-macos-arm64, r-release-macos-x86_64, r-release-windows-x86_64
Version: 0.2.4
Check: HTML version of manual
Result: NOTE
Found the following HTML validation problems:
joyn.html:222:1 (joyn.Rd:153): Warning: <h3> anchor "reporttype" already defined
Flavors: r-devel-linux-x86_64-debian-clang, r-devel-linux-x86_64-debian-gcc