CRAN Package Check Results for Package kaphom

Last updated on 2025-10-21 17:49:51 CEST.

Flavor Version Tinstall Tcheck Ttotal Status Flags
r-devel-linux-x86_64-debian-clang 0.3 2.27 20.13 22.40 NOTE
r-devel-linux-x86_64-debian-gcc 0.3 1.77 16.18 17.95 NOTE
r-devel-linux-x86_64-fedora-clang 0.3 12.00 23.60 35.60 OK
r-devel-linux-x86_64-fedora-gcc 0.3 29.60 OK
r-devel-windows-x86_64 0.3 4.00 39.00 43.00 OK
r-patched-linux-x86_64 0.3 2.45 18.80 21.25 OK
r-release-linux-x86_64 0.3 1.94 19.07 21.01 OK
r-release-macos-arm64 0.3 1.00 15.00 16.00 OK
r-release-macos-x86_64 0.3 2.00 21.00 23.00 OK
r-release-windows-x86_64 0.3 4.00 42.00 46.00 OK
r-oldrel-macos-arm64 0.3 1.00 13.00 14.00 NOTE
r-oldrel-macos-x86_64 0.3 3.00 22.00 25.00 NOTE
r-oldrel-windows-x86_64 0.3 3.00 38.00 41.00 NOTE

Check Details

Version: 0.3
Check: CRAN incoming feasibility
Result: NOTE Maintainer: ‘Muammer Albayrak <m.albayrak@ktu.edu.tr>’ No Authors@R field in DESCRIPTION. Please add one, modifying Authors@R: person(given = "Muammer", family = "Albayrak", role = c("aut", "cre"), email = "m.albayrak@ktu.edu.tr") as necessary. Flavors: r-devel-linux-x86_64-debian-clang, r-devel-linux-x86_64-debian-gcc

Version: 0.3
Check: LazyData
Result: NOTE 'LazyData' is specified without a 'data' directory Flavors: r-oldrel-macos-arm64, r-oldrel-macos-x86_64, r-oldrel-windows-x86_64