CRAN Package Check Results for Package kerTests

Last updated on 2025-10-21 17:49:51 CEST.

Flavor Version Tinstall Tcheck Ttotal Status Flags
r-devel-linux-x86_64-debian-clang 0.1.4 1.73 19.87 21.60 NOTE
r-devel-linux-x86_64-debian-gcc 0.1.4 1.37 16.67 18.04 NOTE
r-devel-linux-x86_64-fedora-clang 0.1.4 33.83 OK
r-devel-linux-x86_64-fedora-gcc 0.1.4 30.20 OK
r-devel-windows-x86_64 0.1.4 3.00 36.00 39.00 OK
r-patched-linux-x86_64 0.1.4 1.99 18.72 20.71 OK
r-release-linux-x86_64 0.1.4 1.62 18.76 20.38 OK
r-release-macos-arm64 0.1.4 1.00 15.00 16.00 OK
r-release-macos-x86_64 0.1.4 2.00 22.00 24.00 OK
r-release-windows-x86_64 0.1.4 3.00 41.00 44.00 OK
r-oldrel-macos-arm64 0.1.4 1.00 14.00 15.00 OK
r-oldrel-macos-x86_64 0.1.4 1.00 19.00 20.00 OK
r-oldrel-windows-x86_64 0.1.4 2.00 37.00 39.00 OK

Check Details

Version: 0.1.4
Check: CRAN incoming feasibility
Result: NOTE Maintainer: ‘Hoseung Song <hosong@ucdavis.edu>’ The Description field contains <arXiv:2011.06127>. Please refer to arXiv e-prints via their arXiv DOI <doi:10.48550/arXiv.YYMM.NNNNN>. Flavors: r-devel-linux-x86_64-debian-clang, r-devel-linux-x86_64-debian-gcc