CRAN Package Check Results for Package kerndwd

Last updated on 2025-10-21 17:49:51 CEST.

Flavor Version Tinstall Tcheck Ttotal Status Flags
r-devel-linux-x86_64-debian-clang 2.0.3 16.19 48.67 64.86 NOTE
r-devel-linux-x86_64-debian-gcc 2.0.3 12.25 34.62 46.87 NOTE
r-devel-linux-x86_64-fedora-clang 2.0.3 90.00 21.27 111.27 OK
r-devel-linux-x86_64-fedora-gcc 2.0.3 39.00 55.85 94.85 OK
r-devel-windows-x86_64 2.0.3 19.00 65.00 84.00 OK
r-patched-linux-x86_64 2.0.3 17.70 45.93 63.63 OK
r-release-linux-x86_64 2.0.3 16.68 45.75 62.43 OK
r-release-macos-arm64 2.0.3 9.00 23.00 32.00 OK
r-release-macos-x86_64 2.0.3 23.00 42.00 65.00 OK
r-release-windows-x86_64 2.0.3 20.00 79.00 99.00 OK
r-oldrel-macos-arm64 2.0.3 9.00 22.00 31.00 OK
r-oldrel-macos-x86_64 2.0.3 12.00 40.00 52.00 OK
r-oldrel-windows-x86_64 2.0.3 19.00 65.00 84.00 OK

Check Details

Version: 2.0.3
Check: CRAN incoming feasibility
Result: NOTE Maintainer: ‘Boxiang Wang <boxiang-wang@uiowa.edu>’ No Authors@R field in DESCRIPTION. Please add one, modifying Authors@R: c(person(given = "Boxiang", family = "Wang", role = c("aut", "cre"), email = "boxiang-wang@uiowa.edu"), person(given = "Hui", family = "Zou", role = "aut", email = "hzou@stat.umn.edu")) as necessary. Flavors: r-devel-linux-x86_64-debian-clang, r-devel-linux-x86_64-debian-gcc