CRAN Package Check Results for Package keyToEnglish

Last updated on 2025-10-22 17:49:41 CEST.

Flavor Version Tinstall Tcheck Ttotal Status Flags
r-devel-linux-x86_64-debian-clang 0.2.1 2.32 24.51 26.83 NOTE
r-devel-linux-x86_64-debian-gcc 0.2.1 1.88 19.92 21.80 NOTE
r-devel-linux-x86_64-fedora-clang 0.2.1 12.00 29.20 41.20 NOTE
r-devel-linux-x86_64-fedora-gcc 0.2.1 35.19 NOTE
r-devel-windows-x86_64 0.2.1 5.00 47.00 52.00 NOTE
r-patched-linux-x86_64 0.2.1 2.46 23.16 25.62 NOTE
r-release-linux-x86_64 0.2.1 1.94 23.12 25.06 NOTE
r-release-macos-arm64 0.2.1 1.00 19.00 20.00 NOTE
r-release-macos-x86_64 0.2.1 2.00 28.00 30.00 NOTE
r-release-windows-x86_64 0.2.1 5.00 47.00 52.00 NOTE
r-oldrel-macos-arm64 0.2.1 1.00 17.00 18.00 NOTE
r-oldrel-macos-x86_64 0.2.1 2.00 22.00 24.00 NOTE
r-oldrel-windows-x86_64 0.2.1 6.00 53.00 59.00 NOTE

Check Details

Version: 0.2.1
Check: CRAN incoming feasibility
Result: NOTE Maintainer: ‘Max Candocia <maxcandocia@gmail.com>’ No Authors@R field in DESCRIPTION. Please add one, modifying Authors@R: person(given = "Max", family = "Candocia", role = c("aut", "cre"), email = "maxcandocia@gmail.com") as necessary. Flavors: r-devel-linux-x86_64-debian-clang, r-devel-linux-x86_64-debian-gcc

Version: 0.2.1
Check: package subdirectories
Result: NOTE Problems with news in ‘NEWS.md’: Cannot extract version info from the following section titles: Minor Changes Flavors: r-devel-linux-x86_64-debian-clang, r-devel-linux-x86_64-debian-gcc, r-devel-linux-x86_64-fedora-clang, r-devel-linux-x86_64-fedora-gcc, r-devel-windows-x86_64, r-patched-linux-x86_64, r-release-linux-x86_64, r-release-macos-arm64, r-release-macos-x86_64, r-release-windows-x86_64, r-oldrel-macos-arm64, r-oldrel-macos-x86_64, r-oldrel-windows-x86_64