Last updated on 2025-10-24 11:50:49 CEST.
| Flavor | Version | Tinstall | Tcheck | Ttotal | Status | Flags |
|---|---|---|---|---|---|---|
| r-devel-linux-x86_64-debian-clang | 1.0.4 | 2.85 | 27.98 | 30.83 | NOTE | |
| r-devel-linux-x86_64-debian-gcc | 1.0.4 | 2.01 | 20.95 | 22.96 | NOTE | |
| r-devel-linux-x86_64-fedora-clang | 1.0.4 | 16.00 | 33.41 | 49.41 | OK | |
| r-devel-linux-x86_64-fedora-gcc | 1.0.4 | 40.69 | OK | |||
| r-devel-windows-x86_64 | 1.0.4 | 5.00 | 47.00 | 52.00 | OK | |
| r-patched-linux-x86_64 | 1.0.4 | 3.14 | 26.13 | 29.27 | OK | |
| r-release-linux-x86_64 | 1.0.4 | 2.31 | 26.02 | 28.33 | OK | |
| r-release-macos-arm64 | 1.0.4 | 2.00 | 21.00 | 23.00 | OK | |
| r-release-macos-x86_64 | 1.0.4 | 2.00 | 28.00 | 30.00 | OK | |
| r-release-windows-x86_64 | 1.0.4 | 5.00 | 47.00 | 52.00 | OK | |
| r-oldrel-macos-arm64 | 1.0.4 | 1.00 | 16.00 | 17.00 | OK | |
| r-oldrel-macos-x86_64 | 1.0.4 | 2.00 | 23.00 | 25.00 | OK | |
| r-oldrel-windows-x86_64 | 1.0.4 | 5.00 | 54.00 | 59.00 | OK |
Version: 1.0.4
Check: CRAN incoming feasibility
Result: NOTE
Maintainer: ‘Weihua An <weihua.an@emory.edu>’
No Authors@R field in DESCRIPTION.
Please add one, modifying
Authors@R: c(person(given = c("Weihua", "An;", "Yu-Hsin"),
family = "Liu",
role = "aut"),
person(given = "Weihua",
family = "An",
role = "cre",
email = "weihua.an@emory.edu"))
as necessary.
Flavors: r-devel-linux-x86_64-debian-clang, r-devel-linux-x86_64-debian-gcc