Last updated on 2025-10-21 17:49:52 CEST.
Flavor | Version | Tinstall | Tcheck | Ttotal | Status | Flags |
---|---|---|---|---|---|---|
r-devel-linux-x86_64-debian-clang | 1.9.6.2 | 8.14 | 98.64 | 106.78 | NOTE | |
r-devel-linux-x86_64-debian-gcc | 1.9.6.2 | 5.65 | 71.28 | 76.93 | NOTE | |
r-devel-linux-x86_64-fedora-clang | 1.9.6.2 | 47.00 | 129.40 | 176.40 | OK | |
r-devel-linux-x86_64-fedora-gcc | 1.9.6.2 | 19.00 | 158.65 | 177.65 | OK | |
r-devel-windows-x86_64 | 1.9.6.2 | 10.00 | 114.00 | 124.00 | OK | |
r-patched-linux-x86_64 | 1.9.6.2 | 8.03 | 93.36 | 101.39 | OK | |
r-release-linux-x86_64 | 1.9.6.2 | 9.91 | 93.60 | 103.51 | OK | |
r-release-macos-arm64 | 1.9.6.2 | 4.00 | 56.00 | 60.00 | OK | |
r-release-macos-x86_64 | 1.9.6.2 | 9.00 | 136.00 | 145.00 | OK | |
r-release-windows-x86_64 | 1.9.6.2 | 10.00 | 113.00 | 123.00 | OK | |
r-oldrel-macos-arm64 | 1.9.6.2 | 5.00 | 60.00 | 65.00 | OK | |
r-oldrel-macos-x86_64 | 1.9.6.2 | 10.00 | 140.00 | 150.00 | OK | |
r-oldrel-windows-x86_64 | 1.9.6.2 | 14.00 | 140.00 | 154.00 | OK |
Version: 1.9.6.2
Check: top-level files
Result: NOTE
Found the following validation problem for the NEWS.Rd HTML conversion:
NEWS.html:35:1 (inst/NEWS.Rd:10): Warning: <h3> anchor "Changes-in-version-1.8.0" already defined
Flavors: r-devel-linux-x86_64-debian-clang, r-devel-linux-x86_64-debian-gcc