CRAN Package Check Results for Package klustR

Last updated on 2025-10-21 17:49:52 CEST.

Flavor Version Tinstall Tcheck Ttotal Status Flags
r-devel-linux-x86_64-debian-clang 0.1.0 2.41 26.35 28.76 NOTE
r-devel-linux-x86_64-debian-gcc 0.1.0 2.11 21.10 23.21 NOTE
r-devel-linux-x86_64-fedora-clang 0.1.0 13.00 32.06 45.06 OK
r-devel-linux-x86_64-fedora-gcc 0.1.0 38.16 OK
r-devel-windows-x86_64 0.1.0 4.00 44.00 48.00 OK
r-patched-linux-x86_64 0.1.0 2.59 24.33 26.92 OK
r-release-linux-x86_64 0.1.0 2.27 23.82 26.09 OK
r-release-macos-arm64 0.1.0 2.00 19.00 21.00 OK
r-release-macos-x86_64 0.1.0 2.00 24.00 26.00 OK
r-release-windows-x86_64 0.1.0 5.00 44.00 49.00 OK
r-oldrel-macos-arm64 0.1.0 1.00 16.00 17.00 NOTE
r-oldrel-macos-x86_64 0.1.0 2.00 21.00 23.00 NOTE
r-oldrel-windows-x86_64 0.1.0 5.00 50.00 55.00 NOTE

Check Details

Version: 0.1.0
Check: HTML version of manual
Result: NOTE Found the following HTML validation problems: klustR-shiny.html:72:1 (klustR-shiny.Rd:31): Warning: missing </ul> before </div> Flavors: r-devel-linux-x86_64-debian-clang, r-devel-linux-x86_64-debian-gcc

Version: 0.1.0
Check: LazyData
Result: NOTE 'LazyData' is specified without a 'data' directory Flavors: r-oldrel-macos-arm64, r-oldrel-macos-x86_64, r-oldrel-windows-x86_64