CRAN Package Check Results for Package kmc

Last updated on 2025-10-24 18:49:58 CEST.

Flavor Version Tinstall Tcheck Ttotal Status Flags
r-devel-linux-x86_64-debian-clang 0.4-2 16.94 67.38 84.32 NOTE
r-devel-linux-x86_64-debian-gcc 0.4-2 13.02 51.14 64.16 NOTE
r-devel-linux-x86_64-fedora-clang 0.4-2 100.00 42.99 142.99 NOTE
r-devel-linux-x86_64-fedora-gcc 0.4-2 45.00 82.05 127.05 NOTE
r-devel-windows-x86_64 0.4-2 26.00 95.00 121.00 NOTE
r-patched-linux-x86_64 0.4-2 18.77 66.65 85.42 NOTE
r-release-linux-x86_64 0.4-2 18.33 63.67 82.00 NOTE
r-release-macos-arm64 0.4-2 10.00 32.00 42.00 NOTE
r-release-macos-x86_64 0.4-2 16.00 67.00 83.00 NOTE
r-release-windows-x86_64 0.4-2 24.00 94.00 118.00 NOTE
r-oldrel-macos-arm64 0.4-2 9.00 26.00 35.00 NOTE
r-oldrel-macos-x86_64 0.4-2 19.00 44.00 63.00 NOTE
r-oldrel-windows-x86_64 0.4-2 29.00 119.00 148.00 NOTE

Check Details

Version: 0.4-2
Check: Rd files
Result: NOTE checkRd: (-1) plotkmc.Rd:21: Lost braces; missing escapes or markup? 21 | list of two functions,flist=list( f1=function( x ) { x } ,f2=function( x ) { x^2 } ) | ^ checkRd: (-1) plotkmc.Rd:21: Lost braces; missing escapes or markup? 21 | list of two functions,flist=list( f1=function( x ) { x } ,f2=function( x ) { x^2 } ) | ^ Flavors: r-devel-linux-x86_64-debian-clang, r-devel-linux-x86_64-debian-gcc, r-devel-linux-x86_64-fedora-clang, r-devel-linux-x86_64-fedora-gcc, r-devel-windows-x86_64, r-patched-linux-x86_64, r-release-linux-x86_64, r-release-macos-arm64, r-release-macos-x86_64, r-release-windows-x86_64, r-oldrel-macos-arm64, r-oldrel-macos-x86_64, r-oldrel-windows-x86_64