Last updated on 2025-10-21 17:49:52 CEST.
Flavor | Version | Tinstall | Tcheck | Ttotal | Status | Flags |
---|---|---|---|---|---|---|
r-devel-linux-x86_64-debian-clang | 1.4.2 | 10.76 | 25.99 | 36.75 | NOTE | |
r-devel-linux-x86_64-debian-gcc | 1.4.2 | 9.30 | 20.61 | 29.91 | NOTE | |
r-devel-linux-x86_64-fedora-clang | 1.4.2 | 54.00 | 10.13 | 64.13 | OK | |
r-devel-linux-x86_64-fedora-gcc | 1.4.2 | 24.00 | 34.92 | 58.92 | OK | |
r-devel-windows-x86_64 | 1.4.2 | 15.00 | 62.00 | 77.00 | OK | |
r-patched-linux-x86_64 | 1.4.2 | 11.71 | 24.43 | 36.14 | OK | |
r-release-linux-x86_64 | 1.4.2 | 12.66 | 24.58 | 37.24 | OK | |
r-release-macos-arm64 | 1.4.2 | 6.00 | 16.00 | 22.00 | OK | |
r-release-macos-x86_64 | 1.4.2 | 9.00 | 25.00 | 34.00 | OK | |
r-release-windows-x86_64 | 1.4.2 | 15.00 | 61.00 | 76.00 | OK | |
r-oldrel-macos-arm64 | 1.4.2 | 6.00 | 16.00 | 22.00 | OK | |
r-oldrel-macos-x86_64 | 1.4.2 | 8.00 | 23.00 | 31.00 | OK | |
r-oldrel-windows-x86_64 | 1.4.2 | 18.00 | 74.00 | 92.00 | OK |
Version: 1.4.2
Check: CRAN incoming feasibility
Result: NOTE
Maintainer: ‘Serguei Sokol <sokol@insa-toulouse.fr>’
No Authors@R field in DESCRIPTION.
Please add one, modifying
Authors@R: person(given = "Serguei",
family = "Sokol",
role = c("aut", "cre"),
email = "sokol@insa-toulouse.fr")
as necessary.
Flavors: r-devel-linux-x86_64-debian-clang, r-devel-linux-x86_64-debian-gcc
Version: 1.4.2
Check: HTML version of manual
Result: NOTE
Found the following HTML validation problems:
kvh_read.html:78:1 (kvh_read.Rd:30): Warning: missing </ul> before </div>
Flavors: r-devel-linux-x86_64-debian-clang, r-devel-linux-x86_64-debian-gcc