Last updated on 2025-10-30 19:53:27 CET.
| Flavor | Version | Tinstall | Tcheck | Ttotal | Status | Flags | 
|---|---|---|---|---|---|---|
| r-devel-linux-x86_64-debian-clang | 4.1.0.1 | 4.05 | 28.84 | 32.89 | NOTE | |
| r-devel-linux-x86_64-debian-gcc | 4.1.0.1 | 3.31 | 22.39 | 25.70 | NOTE | |
| r-devel-linux-x86_64-fedora-clang | 4.1.0.1 | 16.00 | 33.80 | 49.80 | OK | |
| r-devel-linux-x86_64-fedora-gcc | 4.1.0.1 | 47.11 | OK | |||
| r-devel-windows-x86_64 | 4.1.0.1 | 7.00 | 51.00 | 58.00 | OK | |
| r-patched-linux-x86_64 | 4.1.0.1 | 3.87 | 27.98 | 31.85 | OK | |
| r-release-linux-x86_64 | 4.1.0.1 | 4.30 | 28.63 | 32.93 | OK | |
| r-release-macos-arm64 | 4.1.0.1 | 3.00 | 19.00 | 22.00 | OK | |
| r-release-macos-x86_64 | 4.1.0.1 | 5.00 | 29.00 | 34.00 | OK | |
| r-release-windows-x86_64 | 4.1.0.1 | 9.00 | 52.00 | 61.00 | OK | |
| r-oldrel-macos-arm64 | 4.1.0.1 | 3.00 | 17.00 | 20.00 | OK | |
| r-oldrel-macos-x86_64 | 4.1.0.1 | 4.00 | 26.00 | 30.00 | OK | |
| r-oldrel-windows-x86_64 | 4.1.0.1 | 9.00 | 57.00 | 66.00 | OK | 
Version: 4.1.0.1
Check: CRAN incoming feasibility
Result: NOTE
  Maintainer: ‘Brian Close <brian.close@gmail.com>’
  
  No Authors@R field in DESCRIPTION.
  Please add one, modifying
    Authors@R: c(person(given = "Brian",
                        family = "Close",
                        role = c("aut", "cre"),
                        email = "brian.close@gmail.com"),
                 person(given = "Igor",
                        family = "Zurbenko",
                        role = "aut",
                        email = "IZurbenko@albany.edu"),
                 person(given = "Mingzeng",
                        family = "Sun",
                        role = "aut",
                        email = "msun@albany.edu"))
  as necessary.
Flavors: r-devel-linux-x86_64-debian-clang, r-devel-linux-x86_64-debian-gcc