CRAN Package Check Results for Package l1kdeconv

Last updated on 2025-10-21 17:49:52 CEST.

Flavor Version Tinstall Tcheck Ttotal Status Flags
r-devel-linux-x86_64-debian-clang 1.2.0 14.58 110.81 125.39 NOTE
r-devel-linux-x86_64-debian-gcc 1.2.0 9.17 77.30 86.47 NOTE
r-devel-linux-x86_64-fedora-clang 1.2.0 56.00 138.80 194.80 OK
r-devel-linux-x86_64-fedora-gcc 1.2.0 23.00 146.80 169.80 OK
r-devel-windows-x86_64 1.2.0 14.00 108.00 122.00 OK
r-patched-linux-x86_64 1.2.0 12.53 102.48 115.01 OK
r-release-linux-x86_64 1.2.0 13.93 102.63 116.56 OK
r-release-macos-arm64 1.2.0 5.00 37.00 42.00 OK
r-release-macos-x86_64 1.2.0 11.00 77.00 88.00 OK
r-release-windows-x86_64 1.2.0 14.00 107.00 121.00 OK
r-oldrel-macos-arm64 1.2.0 5.00 41.00 46.00 OK
r-oldrel-macos-x86_64 1.2.0 8.00 70.00 78.00 OK
r-oldrel-windows-x86_64 1.2.0 19.00 138.00 157.00 OK

Check Details

Version: 1.2.0
Check: CRAN incoming feasibility
Result: NOTE Maintainer: ‘Zhao Li <lizhao.informatics@gmail.com>’ No Authors@R field in DESCRIPTION. Please add one, modifying Authors@R: c(person(given = "Zhao", family = "Li", role = c("aut", "cre"), email = "lizhao.informatics@gmail.com"), person(given = "Peng", family = "Yu", role = c("aut", "cre"))) as necessary. Flavors: r-devel-linux-x86_64-debian-clang, r-devel-linux-x86_64-debian-gcc