Last updated on 2025-10-22 11:51:13 CEST.
Flavor | Version | Tinstall | Tcheck | Ttotal | Status | Flags |
---|---|---|---|---|---|---|
r-devel-linux-x86_64-debian-clang | 2.2.1 | 86.88 | 262.34 | 349.22 | NOTE | |
r-devel-linux-x86_64-debian-gcc | 2.2.1 | 55.08 | 173.22 | 228.30 | NOTE | |
r-devel-linux-x86_64-fedora-clang | 2.2.1 | 350.00 | 287.38 | 637.38 | OK | |
r-devel-linux-x86_64-fedora-gcc | 2.2.1 | 142.00 | 405.91 | 547.91 | OK | |
r-devel-windows-x86_64 | 2.2.1 | 110.00 | 307.00 | 417.00 | OK | |
r-patched-linux-x86_64 | 2.2.1 | 91.52 | 243.15 | 334.67 | OK | |
r-release-linux-x86_64 | 2.2.1 | 86.41 | 243.60 | 330.01 | OK | |
r-release-macos-arm64 | 2.2.1 | 43.00 | 138.00 | 181.00 | OK | |
r-release-macos-x86_64 | 2.2.1 | 32.00 | 286.00 | 318.00 | OK | |
r-release-windows-x86_64 | 2.2.1 | 108.00 | 307.00 | 415.00 | OK | |
r-oldrel-macos-arm64 | 2.2.1 | 28.00 | 110.00 | 138.00 | NOTE | |
r-oldrel-macos-x86_64 | 2.2.1 | 40.00 | 276.00 | 316.00 | NOTE | |
r-oldrel-windows-x86_64 | 2.2.1 | 129.00 | 385.00 | 514.00 | OK |
Version: 2.2.1
Check: HTML version of manual
Result: NOTE
Found the following HTML validation problems:
rcpp_cell_from_xy.html:52:1 (rcpp_cell_from_xy.Rd:12): Warning: missing </ul> before </div>
rcpp_create_neighborhood.html:50:1 (rcpp_create_neighborhood.Rd:14): Warning: missing </ul> before </div>
rcpp_xy_from_matrix.html:51:1 (rcpp_xy_from_matrix.Rd:13): Warning: missing </ul> before </div>
Flavors: r-devel-linux-x86_64-debian-clang, r-devel-linux-x86_64-debian-gcc
Version: 2.2.1
Check: installed package size
Result: NOTE
installed size is 5.5Mb
sub-directories of 1Mb or more:
libs 3.8Mb
Flavors: r-oldrel-macos-arm64, r-oldrel-macos-x86_64