Last updated on 2025-10-24 18:49:59 CEST.
| Flavor | Version | Tinstall | Tcheck | Ttotal | Status | Flags |
|---|---|---|---|---|---|---|
| r-devel-linux-x86_64-debian-clang | 1.2.4 | 2.25 | 29.39 | 31.64 | OK | |
| r-devel-linux-x86_64-debian-gcc | 1.2.4 | 1.77 | 23.53 | 25.30 | OK | |
| r-devel-linux-x86_64-fedora-clang | 1.2.4 | 49.93 | OK | |||
| r-devel-linux-x86_64-fedora-gcc | 1.2.4 | 59.98 | OK | |||
| r-devel-windows-x86_64 | 1.2.4 | 4.00 | 48.00 | 52.00 | OK | |
| r-patched-linux-x86_64 | 1.2.4 | 2.26 | 28.18 | 30.44 | OK | |
| r-release-linux-x86_64 | 1.2.4 | 1.94 | 27.95 | 29.89 | OK | |
| r-release-macos-arm64 | 1.2.4 | 1.00 | 37.00 | 38.00 | OK | |
| r-release-macos-x86_64 | 1.2.4 | 3.00 | 52.00 | 55.00 | OK | |
| r-release-windows-x86_64 | 1.2.4 | 5.00 | 50.00 | 55.00 | OK | |
| r-oldrel-macos-arm64 | 1.2.4 | 2.00 | 24.00 | 26.00 | NOTE | |
| r-oldrel-macos-x86_64 | 1.2.4 | 2.00 | 41.00 | 43.00 | NOTE | |
| r-oldrel-windows-x86_64 | 1.2.4 | 4.00 | 57.00 | 61.00 | NOTE |
Version: 1.2.4
Check: LazyData
Result: NOTE
'LazyData' is specified without a 'data' directory
Flavors: r-oldrel-macos-arm64, r-oldrel-macos-x86_64, r-oldrel-windows-x86_64