Last updated on 2025-10-21 17:49:52 CEST.
Flavor | Version | Tinstall | Tcheck | Ttotal | Status | Flags |
---|---|---|---|---|---|---|
r-devel-linux-x86_64-debian-clang | 5.3.2 | 28.56 | 241.49 | 270.05 | NOTE | |
r-devel-linux-x86_64-debian-gcc | 5.3.2 | 17.56 | 161.72 | 179.28 | NOTE | |
r-devel-linux-x86_64-fedora-clang | 5.3.2 | 143.00 | 291.83 | 434.83 | OK | |
r-devel-linux-x86_64-fedora-gcc | 5.3.2 | 62.00 | 324.33 | 386.33 | OK | |
r-devel-windows-x86_64 | 5.3.2 | 31.00 | 272.00 | 303.00 | OK | |
r-patched-linux-x86_64 | 5.3.2 | 34.15 | 226.81 | 260.96 | OK | |
r-release-linux-x86_64 | 5.3.2 | 25.68 | 227.24 | 252.92 | OK | |
r-release-macos-arm64 | 5.3.2 | 12.00 | 91.00 | 103.00 | OK | |
r-release-macos-x86_64 | 5.3.2 | 30.00 | 157.00 | 187.00 | OK | |
r-release-windows-x86_64 | 5.3.2 | 33.00 | 270.00 | 303.00 | OK | |
r-oldrel-macos-arm64 | 5.3.2 | 12.00 | 90.00 | 102.00 | OK | |
r-oldrel-macos-x86_64 | 5.3.2 | 27.00 | 167.00 | 194.00 | OK | |
r-oldrel-windows-x86_64 | 5.3.2 | 41.00 | 352.00 | 393.00 | OK |
Version: 5.3.2
Check: HTML version of manual
Result: NOTE
Found the following HTML validation problems:
install_recommended.html:53:1 (install_recommended.Rd:12): Warning: missing </ul> before </div>
Flavors: r-devel-linux-x86_64-debian-clang, r-devel-linux-x86_64-debian-gcc