Last updated on 2025-10-21 17:49:52 CEST.
Flavor | Version | Tinstall | Tcheck | Ttotal | Status | Flags |
---|---|---|---|---|---|---|
r-devel-linux-x86_64-debian-clang | 0.8.1 | 5.43 | 59.80 | 65.23 | NOTE | |
r-devel-linux-x86_64-debian-gcc | 0.8.1 | 3.68 | 44.34 | 48.02 | NOTE | |
r-devel-linux-x86_64-fedora-clang | 0.8.1 | 24.00 | 80.19 | 104.19 | OK | |
r-devel-linux-x86_64-fedora-gcc | 0.8.1 | 11.00 | 99.51 | 110.51 | OK | |
r-devel-windows-x86_64 | 0.8.1 | 7.00 | 76.00 | 83.00 | OK | |
r-patched-linux-x86_64 | 0.8.1 | 5.30 | 56.94 | 62.24 | OK | |
r-release-linux-x86_64 | 0.8.1 | 3.67 | 57.24 | 60.91 | OK | |
r-release-macos-arm64 | 0.8.1 | 2.00 | 40.00 | 42.00 | OK | |
r-release-macos-x86_64 | 0.8.1 | 4.00 | 67.00 | 71.00 | OK | |
r-release-windows-x86_64 | 0.8.1 | 8.00 | 80.00 | 88.00 | OK | |
r-oldrel-macos-arm64 | 0.8.1 | 3.00 | 40.00 | 43.00 | NOTE | |
r-oldrel-macos-x86_64 | 0.8.1 | 3.00 | 59.00 | 62.00 | NOTE | |
r-oldrel-windows-x86_64 | 0.8.1 | 11.00 | 96.00 | 107.00 | NOTE |
Version: 0.8.1
Check: CRAN incoming feasibility
Result: NOTE
Maintainer: ‘Alex Lishinski <alexlishinski@gmail.com>’
No Authors@R field in DESCRIPTION.
Please add one, modifying
Authors@R: person(given = "Alex",
family = "Lishinski",
role = c("aut", "cre"),
email = "alexlishinski@gmail.com")
as necessary.
Flavors: r-devel-linux-x86_64-debian-clang, r-devel-linux-x86_64-debian-gcc
Version: 0.8.1
Check: HTML version of manual
Result: NOTE
Found the following HTML validation problems:
buildLabels.html:46:1 (buildLabels.Rd:10): Warning: missing </ul> before </div>
buildPaths.html:78:1 (buildPaths.Rd:30): Warning: missing </ul> before </div>
getNodes.html:46:1 (getNodes.Rd:10): Warning: missing </ul> before </div>
sig_stars.html:50:1 (sig_stars.Rd:12): Warning: missing </ul> before </div>
Flavors: r-devel-linux-x86_64-debian-clang, r-devel-linux-x86_64-debian-gcc
Version: 0.8.1
Check: installed package size
Result: NOTE
installed size is 6.5Mb
sub-directories of 1Mb or more:
doc 6.4Mb
Flavors: r-oldrel-macos-arm64, r-oldrel-macos-x86_64, r-oldrel-windows-x86_64