Last updated on 2025-10-22 11:51:13 CEST.
Flavor | Version | Tinstall | Tcheck | Ttotal | Status | Flags |
---|---|---|---|---|---|---|
r-devel-linux-x86_64-debian-clang | 0.1.3 | 3.82 | 36.58 | 40.40 | NOTE | |
r-devel-linux-x86_64-debian-gcc | 0.1.3 | 2.55 | 27.36 | 29.91 | NOTE | |
r-devel-linux-x86_64-fedora-clang | 0.1.3 | 12.00 | 47.63 | 59.63 | NOTE | |
r-devel-linux-x86_64-fedora-gcc | 0.1.3 | 54.62 | NOTE | |||
r-devel-windows-x86_64 | 0.1.3 | 7.00 | 51.00 | 58.00 | NOTE | |
r-patched-linux-x86_64 | 0.1.3 | 3.12 | 32.56 | 35.68 | NOTE | |
r-release-linux-x86_64 | 0.1.3 | 3.26 | 32.76 | 36.02 | NOTE | |
r-release-macos-arm64 | 0.1.3 | 4.00 | 36.00 | 40.00 | NOTE | |
r-release-macos-x86_64 | 0.1.3 | 3.00 | 40.00 | 43.00 | NOTE | |
r-release-windows-x86_64 | 0.1.3 | 5.00 | 53.00 | 58.00 | NOTE | |
r-oldrel-macos-arm64 | 0.1.3 | 2.00 | 20.00 | 22.00 | OK | |
r-oldrel-macos-x86_64 | 0.1.3 | 3.00 | 28.00 | 31.00 | OK | |
r-oldrel-windows-x86_64 | 0.1.3 | 7.00 | 63.00 | 70.00 | OK |
Version: 0.1.3
Check: DESCRIPTION meta-information
Result: NOTE
Missing dependency on R >= 4.1.0 because package code uses the pipe
|> or function shorthand \(...) syntax added in R 4.1.0.
File(s) using such syntax:
‘lay.Rd’
Flavors: r-devel-linux-x86_64-debian-clang, r-devel-linux-x86_64-debian-gcc, r-devel-linux-x86_64-fedora-clang, r-devel-linux-x86_64-fedora-gcc, r-devel-windows-x86_64, r-patched-linux-x86_64, r-release-linux-x86_64, r-release-macos-arm64, r-release-macos-x86_64, r-release-windows-x86_64