Last updated on 2025-10-21 23:50:58 CEST.
Flavor | Version | Tinstall | Tcheck | Ttotal | Status | Flags |
---|---|---|---|---|---|---|
r-devel-linux-x86_64-debian-clang | 0.5.4 | 4.41 | 58.60 | 63.01 | NOTE | |
r-devel-linux-x86_64-debian-gcc | 0.5.4 | 3.19 | 43.90 | 47.09 | NOTE | |
r-devel-linux-x86_64-fedora-clang | 0.5.4 | 14.00 | 81.64 | 95.64 | OK | |
r-devel-linux-x86_64-fedora-gcc | 0.5.4 | 88.63 | OK | |||
r-devel-windows-x86_64 | 0.5.4 | 7.00 | 84.00 | 91.00 | OK | |
r-patched-linux-x86_64 | 0.5.4 | 5.75 | 54.26 | 60.01 | OK | |
r-release-linux-x86_64 | 0.5.4 | 4.62 | 54.76 | 59.38 | OK | |
r-release-macos-arm64 | 0.5.4 | 3.00 | 31.00 | 34.00 | OK | |
r-release-macos-x86_64 | 0.5.4 | 4.00 | 49.00 | 53.00 | OK | |
r-release-windows-x86_64 | 0.5.4 | 9.00 | 85.00 | 94.00 | OK | |
r-oldrel-macos-arm64 | 0.5.4 | 3.00 | 28.00 | 31.00 | OK | |
r-oldrel-macos-x86_64 | 0.5.4 | 6.00 | 58.00 | 64.00 | OK | |
r-oldrel-windows-x86_64 | 0.5.4 | 10.00 | 101.00 | 111.00 | OK |
Version: 0.5.4
Check: CRAN incoming feasibility
Result: NOTE
Maintainer: ‘Vladimir Zhbanko <vladimir.zhbanko@gmail.com>’
No Authors@R field in DESCRIPTION.
Please add one, modifying
Authors@R: person(given = "Vladimir",
family = "Zhbanko",
role = c("aut", "cre"),
email = "vladimir.zhbanko@gmail.com")
as necessary.
Flavors: r-devel-linux-x86_64-debian-clang, r-devel-linux-x86_64-debian-gcc