CRAN Package Check Results for Package lbm

Last updated on 2025-10-21 17:49:52 CEST.

Flavor Version Tinstall Tcheck Ttotal Status Flags
r-devel-linux-x86_64-debian-clang 0.9.0.2 2.47 22.29 24.76 NOTE
r-devel-linux-x86_64-debian-gcc 0.9.0.2 1.72 17.36 19.08 NOTE
r-devel-linux-x86_64-fedora-clang 0.9.0.2 38.08 OK
r-devel-linux-x86_64-fedora-gcc 0.9.0.2 34.68 OK
r-devel-windows-x86_64 0.9.0.2 3.00 39.00 42.00 OK
r-patched-linux-x86_64 0.9.0.2 2.58 21.04 23.62 OK
r-release-linux-x86_64 0.9.0.2 2.32 21.06 23.38 OK
r-release-macos-arm64 0.9.0.2 1.00 15.00 16.00 OK
r-release-macos-x86_64 0.9.0.2 2.00 28.00 30.00 OK
r-release-windows-x86_64 0.9.0.2 3.00 43.00 46.00 OK
r-oldrel-macos-arm64 0.9.0.2 1.00 13.00 14.00 OK
r-oldrel-macos-x86_64 0.9.0.2 2.00 21.00 23.00 OK
r-oldrel-windows-x86_64 0.9.0.2 3.00 40.00 43.00 OK

Check Details

Version: 0.9.0.2
Check: CRAN incoming feasibility
Result: NOTE Maintainer: ‘Chao Zhu <zhuchao9966@gmail.com>’ No Authors@R field in DESCRIPTION. Please add one, modifying Authors@R: person(given = "Chao", family = "Zhu", role = c("aut", "cre"), email = "zhuchao9966@gmail.com") as necessary. Flavors: r-devel-linux-x86_64-debian-clang, r-devel-linux-x86_64-debian-gcc