Last updated on 2025-10-22 05:51:15 CEST.
Flavor | Version | Tinstall | Tcheck | Ttotal | Status | Flags |
---|---|---|---|---|---|---|
r-devel-linux-x86_64-debian-clang | 0.4.1 | 4.63 | 53.89 | 58.52 | NOTE | |
r-devel-linux-x86_64-debian-gcc | 0.4.1 | 3.35 | 39.98 | 43.33 | NOTE | |
r-devel-linux-x86_64-fedora-clang | 0.4.1 | 16.00 | 76.73 | 92.73 | OK | |
r-devel-linux-x86_64-fedora-gcc | 0.4.1 | 11.00 | 89.44 | 100.44 | OK | |
r-devel-windows-x86_64 | 0.4.1 | 8.00 | 72.00 | 80.00 | OK | |
r-patched-linux-x86_64 | 0.4.1 | 5.41 | 50.25 | 55.66 | OK | |
r-release-linux-x86_64 | 0.4.1 | 3.49 | 50.63 | 54.12 | OK | |
r-release-macos-arm64 | 0.4.1 | 2.00 | 35.00 | 37.00 | OK | |
r-release-macos-x86_64 | 0.4.1 | 4.00 | 57.00 | 61.00 | OK | |
r-release-windows-x86_64 | 0.4.1 | 7.00 | 71.00 | 78.00 | OK | |
r-oldrel-macos-arm64 | 0.4.1 | 3.00 | 37.00 | 40.00 | OK | |
r-oldrel-macos-x86_64 | 0.4.1 | 3.00 | 59.00 | 62.00 | OK | |
r-oldrel-windows-x86_64 | 0.4.1 | 8.00 | 87.00 | 95.00 | OK |
Version: 0.4.1
Check: HTML version of manual
Result: NOTE
Found the following HTML validation problems:
theme_lcars.html:70:1 (theme_lcars.Rd:30): Warning: missing </ul> before </div>
Flavors: r-devel-linux-x86_64-debian-clang, r-devel-linux-x86_64-debian-gcc