CRAN Package Check Results for Package leaderCluster

Last updated on 2025-10-21 23:50:58 CEST.

Flavor Version Tinstall Tcheck Ttotal Status Flags
r-devel-linux-x86_64-debian-clang 1.5 2.24 17.80 20.04 NOTE
r-devel-linux-x86_64-debian-gcc 1.5 1.87 15.40 17.27 NOTE
r-devel-linux-x86_64-fedora-clang 1.5 29.88 OK
r-devel-linux-x86_64-fedora-gcc 1.5 28.27 OK
r-devel-windows-x86_64 1.5 5.00 41.00 46.00 OK
r-patched-linux-x86_64 1.5 2.26 16.55 18.81 OK
r-release-linux-x86_64 1.5 2.20 16.84 19.04 OK
r-release-macos-arm64 1.5 2.00 15.00 17.00 OK
r-release-macos-x86_64 1.5 5.00 27.00 32.00 OK
r-release-windows-x86_64 1.5 5.00 44.00 49.00 OK
r-oldrel-macos-arm64 1.5 3.00 13.00 16.00 OK
r-oldrel-macos-x86_64 1.5 3.00 18.00 21.00 OK
r-oldrel-windows-x86_64 1.5 5.00 42.00 47.00 OK

Check Details

Version: 1.5
Check: CRAN incoming feasibility
Result: NOTE Maintainer: ‘Taylor B. Arnold <tarnold2@richmond.edu>’ No Authors@R field in DESCRIPTION. Please add one, modifying Authors@R: person(given = c("Taylor", "B."), family = "Arnold", role = c("aut", "cre"), email = "tarnold2@richmond.edu") as necessary. Flavors: r-devel-linux-x86_64-debian-clang, r-devel-linux-x86_64-debian-gcc