CRAN Package Check Results for Package leafSTAR

Last updated on 2025-10-21 17:49:52 CEST.

Flavor Version Tinstall Tcheck Ttotal Status Flags
r-devel-linux-x86_64-debian-clang 1.0 2.46 24.99 27.45 NOTE
r-devel-linux-x86_64-debian-gcc 1.0 1.74 19.89 21.63 NOTE
r-devel-linux-x86_64-fedora-clang 1.0 40.57 OK
r-devel-linux-x86_64-fedora-gcc 1.0 37.43 OK
r-devel-windows-x86_64 1.0 3.00 47.00 50.00 OK
r-patched-linux-x86_64 1.0 2.76 23.74 26.50 OK
r-release-linux-x86_64 1.0 1.87 23.58 25.45 OK
r-release-macos-arm64 1.0 1.00 16.00 17.00 OK
r-release-macos-x86_64 1.0 3.00 27.00 30.00 OK
r-release-windows-x86_64 1.0 4.00 51.00 55.00 OK
r-oldrel-macos-arm64 1.0 1.00 15.00 16.00 OK
r-oldrel-macos-x86_64 1.0 2.00 21.00 23.00 OK
r-oldrel-windows-x86_64 1.0 3.00 47.00 50.00 OK

Check Details

Version: 1.0
Check: CRAN incoming feasibility
Result: NOTE Maintainer: ‘Agustina Ventre Lespiaucq <aguslespiaucq@gmail.com>’ No Authors@R field in DESCRIPTION. Please add one, modifying Authors@R: c(person(given = c("Agustina", "Ventre"), family = "Lespiaucq", role = c("aut", "cre"), email = "aguslespiaucq@gmail.com"), person(given = c("Silvia", "Santamaria"), family = "Bueno", role = "aut")) as necessary. Flavors: r-devel-linux-x86_64-debian-clang, r-devel-linux-x86_64-debian-gcc