Last updated on 2025-10-22 05:51:15 CEST.
Flavor | Version | Tinstall | Tcheck | Ttotal | Status | Flags |
---|---|---|---|---|---|---|
r-devel-linux-x86_64-debian-clang | 0.2.2 | 3.43 | 37.49 | 40.92 | NOTE | |
r-devel-linux-x86_64-debian-gcc | 0.2.2 | 2.44 | 29.27 | 31.71 | NOTE | |
r-devel-linux-x86_64-fedora-clang | 0.2.2 | 61.22 | OK | |||
r-devel-linux-x86_64-fedora-gcc | 0.2.2 | 57.02 | OK | |||
r-devel-windows-x86_64 | 0.2.2 | 6.00 | 54.00 | 60.00 | OK | |
r-patched-linux-x86_64 | 0.2.2 | 3.60 | 34.67 | 38.27 | OK | |
r-release-linux-x86_64 | 0.2.2 | 3.40 | 34.50 | 37.90 | OK | |
r-release-macos-arm64 | 0.2.2 | 2.00 | 22.00 | 24.00 | OK | |
r-release-macos-x86_64 | 0.2.2 | 3.00 | 35.00 | 38.00 | OK | |
r-release-windows-x86_64 | 0.2.2 | 7.00 | 56.00 | 63.00 | OK | |
r-oldrel-macos-arm64 | 0.2.2 | 1.00 | 194.00 | 195.00 | OK | |
r-oldrel-macos-x86_64 | 0.2.2 | 3.00 | 208.00 | 211.00 | OK | |
r-oldrel-windows-x86_64 | 0.2.2 | 7.00 | 65.00 | 72.00 | OK |
Version: 0.2.2
Check: HTML version of manual
Result: NOTE
Found the following HTML validation problems:
checkDim.html:51:1 (checkDim.Rd:12): Warning: missing </ul> before </div>
checkDimPop.html:51:1 (checkDimPop.Rd:12): Warning: missing </ul> before </div>
clearGlLayers.html:46:1 (clearGlLayers.Rd:10): Warning: missing </ul> before </div>
makePopup.html:50:1 (makePopup.Rd:12): Warning: missing </ul> before </div>
removeGlPoints.html:50:1 (removeGlPoints.Rd:12): Warning: missing </ul> before </div>
removeGlPolygons.html:50:1 (removeGlPolygons.Rd:12): Warning: missing </ul> before </div>
removeGlPolylines.html:50:1 (removeGlPolylines.Rd:12): Warning: missing </ul> before </div>
Flavors: r-devel-linux-x86_64-debian-clang, r-devel-linux-x86_64-debian-gcc