CRAN Package Check Results for Package lehdr

Last updated on 2025-10-21 17:49:52 CEST.

Flavor Version Tinstall Tcheck Ttotal Status Flags
r-devel-linux-x86_64-debian-clang 1.1.4 4.50 81.12 85.62 NOTE
r-devel-linux-x86_64-debian-gcc 1.1.4 3.43 70.90 74.33 NOTE
r-devel-linux-x86_64-fedora-clang 1.1.4 24.00 100.20 124.20 NOTE
r-devel-linux-x86_64-fedora-gcc 1.1.4 10.00 123.02 133.02 NOTE
r-devel-windows-x86_64 1.1.4 6.00 156.00 162.00 NOTE
r-patched-linux-x86_64 1.1.4 2.78 77.44 80.22 NOTE
r-release-linux-x86_64 1.1.4 4.32 77.17 81.49 NOTE
r-release-macos-arm64 1.1.4 2.00 160.00 162.00 NOTE
r-release-macos-x86_64 1.1.4 3.00 182.00 185.00 NOTE
r-release-windows-x86_64 1.1.4 8.00 158.00 166.00 NOTE
r-oldrel-macos-arm64 1.1.4 2.00 150.00 152.00 OK
r-oldrel-macos-x86_64 1.1.4 3.00 169.00 172.00 OK
r-oldrel-windows-x86_64 1.1.4 8.00 166.00 174.00 OK

Check Details

Version: 1.1.4
Check: DESCRIPTION meta-information
Result: NOTE Missing dependency on R >= 4.1.0 because package code uses the pipe |> or function shorthand \(...) syntax added in R 4.1.0. File(s) using such syntax: ‘grab_crosswalk.R’ ‘lehdr.R’ Flavors: r-devel-linux-x86_64-debian-clang, r-devel-linux-x86_64-debian-gcc, r-devel-linux-x86_64-fedora-clang, r-devel-linux-x86_64-fedora-gcc, r-devel-windows-x86_64, r-patched-linux-x86_64, r-release-linux-x86_64, r-release-macos-arm64, r-release-macos-x86_64, r-release-windows-x86_64

Version: 1.1.4
Check: HTML version of manual
Result: NOTE Found the following HTML validation problems: aggregate_lodes_df.html:54:1 (aggregate_lodes_df.Rd:14): Warning: missing </ul> before </div> Flavors: r-devel-linux-x86_64-debian-clang, r-devel-linux-x86_64-debian-gcc