Last updated on 2025-10-21 23:50:58 CEST.
Flavor | Version | Tinstall | Tcheck | Ttotal | Status | Flags |
---|---|---|---|---|---|---|
r-devel-linux-x86_64-debian-clang | 0.0.3 | 2.61 | 27.92 | 30.53 | NOTE | |
r-devel-linux-x86_64-debian-gcc | 0.0.3 | 1.98 | 21.65 | 23.63 | NOTE | |
r-devel-linux-x86_64-fedora-clang | 0.0.3 | 13.00 | 32.63 | 45.63 | OK | |
r-devel-linux-x86_64-fedora-gcc | 0.0.3 | 40.54 | OK | |||
r-devel-windows-x86_64 | 0.0.3 | 4.00 | 53.00 | 57.00 | OK | |
r-patched-linux-x86_64 | 0.0.3 | 2.91 | 24.54 | 27.45 | OK | |
r-release-linux-x86_64 | 0.0.3 | 2.38 | 24.87 | 27.25 | OK | |
r-release-macos-arm64 | 0.0.3 | 2.00 | 35.00 | 37.00 | OK | |
r-release-macos-x86_64 | 0.0.3 | 4.00 | 41.00 | 45.00 | OK | |
r-release-windows-x86_64 | 0.0.3 | 5.00 | 55.00 | 60.00 | OK | |
r-oldrel-macos-arm64 | 0.0.3 | 1.00 | 16.00 | 17.00 | NOTE | |
r-oldrel-macos-x86_64 | 0.0.3 | 2.00 | 22.00 | 24.00 | NOTE | |
r-oldrel-windows-x86_64 | 0.0.3 | 7.00 | 59.00 | 66.00 | NOTE |
Version: 0.0.3
Check: CRAN incoming feasibility
Result: NOTE
Maintainer: ‘Chris Hammill <cfhammill@gmail.com>’
Found the following (possibly) invalid file URI:
URI: www.schoolofhaskell.com/school/to-infinity-and-beyond/pick-of-the-week/a-little-lens-starter-tutorial
From: README.md
Flavors: r-devel-linux-x86_64-debian-clang, r-devel-linux-x86_64-debian-gcc
Version: 0.0.3
Check: HTML version of manual
Result: NOTE
Found the following HTML validation problems:
drop_while_il.html:48:1 (drop_while_il.Rd:10): Warning: missing </ul> before </div>
over_map.html:55:1 (over_map.Rd:14): Warning: missing </ul> before </div>
send.html:54:1 (send.Rd:14): Warning: missing </ul> before </div>
send_over.html:58:1 (send_over.Rd:16): Warning: missing </ul> before </div>
set.html:56:1 (set.Rd:14): Warning: missing </ul> before </div>
upper_tri_l.html:51:1 (upper_tri_l.Rd:14): Warning: missing </ul> before </div>
view.html:51:1 (view.Rd:12): Warning: missing </ul> before </div>
Flavors: r-devel-linux-x86_64-debian-clang, r-devel-linux-x86_64-debian-gcc
Version: 0.0.3
Check: LazyData
Result: NOTE
'LazyData' is specified without a 'data' directory
Flavors: r-oldrel-macos-arm64, r-oldrel-macos-x86_64, r-oldrel-windows-x86_64