Last updated on 2025-10-21 11:53:28 CEST.
Flavor | Version | Tinstall | Tcheck | Ttotal | Status | Flags |
---|---|---|---|---|---|---|
r-devel-linux-x86_64-debian-clang | 0.1.0 | 33.45 | 136.36 | 169.81 | NOTE | |
r-devel-linux-x86_64-debian-gcc | 0.1.0 | 21.03 | 95.38 | 116.41 | NOTE | |
r-devel-linux-x86_64-fedora-clang | 0.1.0 | 289.85 | NOTE | |||
r-devel-linux-x86_64-fedora-gcc | 0.1.0 | 68.00 | 181.42 | 249.42 | NOTE | |
r-devel-windows-x86_64 | 0.1.0 | 32.00 | 137.00 | 169.00 | OK | |
r-patched-linux-x86_64 | 0.1.0 | 33.59 | 128.27 | 161.86 | OK | |
r-release-linux-x86_64 | 0.1.0 | 31.36 | 126.28 | 157.64 | OK | |
r-release-macos-arm64 | 0.1.0 | 63.00 | OK | |||
r-release-macos-x86_64 | 0.1.0 | 25.00 | 91.00 | 116.00 | OK | |
r-release-windows-x86_64 | 0.1.0 | 31.00 | 140.00 | 171.00 | OK | |
r-oldrel-macos-arm64 | 0.1.0 | 61.00 | OK | |||
r-oldrel-macos-x86_64 | 0.1.0 | 90.00 | OK | |||
r-oldrel-windows-x86_64 | 0.1.0 | 42.00 | 179.00 | 221.00 | OK |
Version: 0.1.0
Check: CRAN incoming feasibility
Result: NOTE
Maintainer: ‘Burhan Ozer Cavdar <bcavdar17@ku.edu.tr>’
The Description field contains
<arXiv:2112.06251>.
Please refer to arXiv e-prints via their arXiv DOI <doi:10.48550/arXiv.YYMM.NNNNN>.
Flavors: r-devel-linux-x86_64-debian-clang, r-devel-linux-x86_64-debian-gcc
Version: 0.1.0
Check: HTML version of manual
Result: NOTE
Found the following HTML validation problems:
BaseEstimator.html:95:1 (BaseEstimator.Rd:72): Warning: <h5> anchor "Usage" already defined
BaseEstimator.html:101:1 (BaseEstimator.Rd:76): Warning: <h5> anchor "Examples" already defined
BaseEstimator.html:120:1 (BaseEstimator.Rd:90): Warning: <h5> anchor "Usage" already defined
BaseEstimator.html:146:1 (BaseEstimator.Rd:104): Warning: <h5> anchor "Examples" already defined
BaseEstimator.html:165:1 (BaseEstimator.Rd:118): Warning: <h5> anchor "Usage" already defined
BaseEstimator.html:171:1 (BaseEstimator.Rd:122): Warning: <h5> anchor "Arguments" already defined
CoverTree.html:109:1 (CoverTree.Rd:74): Warning: <h5> anchor "Usage" already defined
CoverTree.html:115:1 (CoverTree.Rd:78): Warning: <h5> anchor "Arguments" already defined
CoverTree.html:155:1 (CoverTree.Rd:95): Warning: <h5> anchor "Examples" already defined
CoverTree.html:175:1 (CoverTree.Rd:110): Warning: <h5> anchor "Usage" already defined
CoverTree.html:181:1 (CoverTree.Rd:114): Warning: <h5> anchor "Arguments" already defined
DecisionTreeClassifier.html:148:1 (DecisionTreeClassifier.Rd:137): Warning: <h5> anchor "Usage" already defined
DecisionTreeClassifier.html:154:1 (DecisionTreeClassifier.Rd:141): Warning: <h5> anchor "Arguments" already defined
DecisionTreeClassifier.html:176:1 (DecisionTreeClassifier.Rd:153): Warning: <h5> anchor "Examples" already defined
DecisionTreeClassifier.html:203:1 (DecisionTreeClassifier.Rd:175): Warning: <h5> anchor "Usage" already defined
DecisionTreeClassifier.html:209:1 (DecisionTreeClassifier.Rd:179): Warning: <h5> anchor "Arguments" already defined
DecisionTreeClassifier.html:222:1 (DecisionTreeClassifier.Rd:186): Warning: <h5> anchor "Returns" already defined
DecisionTreeClassifier.html:229:1 (DecisionTreeClassifier.Rd:189): Warning: <h5> anchor "Examples" already defined
DecisionTreeClassifier.html:256:1 (DecisionTreeClassifier.Rd:211): Warning: <h5> anchor "Usage" already defined
DecisionTreeClassifier.html:262:1 (DecisionTreeClassifier.Rd:215): Warning: <h5> anchor "Examples" already defined
DecisionTreeClassifier.html:281:1 (DecisionTreeClassifier.Rd:229): Warning: <h5> anchor "Usage" already defined
DecisionTreeClassifier.html:287:1 (DecisionTreeClassifier.Rd:233): Warning: <h5> anchor "Arguments" already defined
DecisionTreeRegressor.html:148:1 (DecisionTreeRegressor.Rd:137): Warning: <h5> anchor "Usage" already defined
DecisionTreeRegressor.html:154:1 (DecisionTreeRegressor.Rd:141): Warning: <h5> anchor "Arguments" already defined
DecisionTreeRegressor.html:176:1 (DecisionTreeRegressor.Rd:153): Warning: <h5> anchor "Examples" already defined
DecisionTreeRegressor.html:203:1 (DecisionTreeRegressor.Rd:175): Warning: <h5> anchor "Usage" already defined
DecisionTreeRegressor.html:209:1 (DecisionTreeRegressor.Rd:179): Warning: <h5> anchor "Arguments" already defined
DecisionTreeRegressor.html:222:1 (DecisionTreeRegressor.Rd:186): Warning: <h5> anchor "Returns" already defined
DecisionTreeRegressor.html:229:1 (DecisionTreeRegressor.Rd:189): Warning: <h5> anchor "Examples" already defined
DecisionTreeRegressor.html:256:1 (DecisionTreeRegressor.Rd:211): Warning: <h5> anchor "Usage" already defined
DecisionTreeRegressor.html:262:1 (DecisionTreeRegressor.Rd:215): Warning: <h5> anchor "Examples" already defined
DecisionTreeRegressor.html:281:1 (DecisionTreeRegressor.Rd:229): Warning: <h5> anchor "Usage" already defined
DecisionTreeRegressor.html:287:1 (DecisionTreeRegressor.Rd:233): Warning: <h5> anchor "Arguments" already defined
HierarchicalClustering.html:128:1 (HierarchicalClustering.Rd:103): Warning: <h5> anchor "Usage" already defined
HierarchicalClustering.html:134:1 (HierarchicalClustering.Rd:107): Warning: <h5> anchor "Arguments" already defined
HierarchicalClustering.html:154:1 (HierarchicalClustering.Rd:117): Warning: <h5> anchor "Examples" already defined
HierarchicalClustering.html:175:1 (HierarchicalClustering.Rd:133): Warning: <h5> anchor "Usage" already defined
HierarchicalClustering.html:181:1 (HierarchicalClustering.Rd:137): Warning: <h5> anchor "Examples" already defined
HierarchicalClustering.html:200:1 (HierarchicalClustering.Rd:151): Warning: <h5> anchor "Usage" already defined
HierarchicalClustering.html:206:1 (HierarchicalClustering.Rd:155): Warning: <h5> anchor "Examples" already defined
HierarchicalClustering.html:225:1 (HierarchicalClustering.Rd:169): Warning: <h5> anchor "Usage" already defined
HierarchicalClustering.html:231:1 (HierarchicalClustering.Rd:173): Warning: <h5> anchor "Arguments" already defined
KDTree.html:102:1 (KDTree.Rd:70): Warning: <h5> anchor "Usage" already defined
KDTree.html:108:1 (KDTree.Rd:74): Warning: <h5> anchor "Arguments" already defined
KDTree.html:148:1 (KDTree.Rd:91): Warning: <h5> anchor "Examples" already defined
KDTree.html:168:1 (KDTree.Rd:106): Warning: <h5> anchor "Usage" already defined
KDTree.html:174:1 (KDTree.Rd:110): Warning: <h5> anchor "Arguments" already defined
KMeans.html:130:1 (KMeans.Rd:105): Warning: <h5> anchor "Usage" already defined
KMeans.html:136:1 (KMeans.Rd:109): Warning: <h5> anchor "Arguments" already defined
KMeans.html:156:1 (KMeans.Rd:119): Warning: <h5> anchor "Examples" already defined
KMeans.html:177:1 (KMeans.Rd:135): Warning: <h5> anchor "Usage" already defined
KMeans.html:183:1 (KMeans.Rd:139): Warning: <h5> anchor "Examples" already defined
KMeans.html:202:1 (KMeans.Rd:153): Warning: <h5> anchor "Usage" already defined
KMeans.html:208:1 (KMeans.Rd:157): Warning: <h5> anchor "Examples" already defined
KMeans.html:227:1 (KMeans.Rd:171): Warning: <h5> anchor "Usage" already defined
KMeans.html:233:1 (KMeans.Rd:175): Warning: <h5> anchor "Arguments" already defined
KNeighborsClassifier.html:125:1 (KNeighborsClassifier.Rd:113): Warning: <h5> anchor "Usage" already defined
KNeighborsClassifier.html:131:1 (KNeighborsClassifier.Rd:117): Warning: <h5> anchor "Arguments" already defined
KNeighborsClassifier.html:153:1 (KNeighborsClassifier.Rd:129): Warning: <h5> anchor "Examples" already defined
KNeighborsClassifier.html:180:1 (KNeighborsClassifier.Rd:151): Warning: <h5> anchor "Usage" already defined
KNeighborsClassifier.html:186:1 (KNeighborsClassifier.Rd:155): Warning: <h5> anchor "Arguments" already defined
KNeighborsClassifier.html:199:1 (KNeighborsClassifier.Rd:162): Warning: <h5> anchor "Returns" already defined
KNeighborsClassifier.html:206:1 (KNeighborsClassifier.Rd:165): Warning: <h5> anchor "Examples" already defined
KNeighborsClassifier.html:233:1 (KNeighborsClassifier.Rd:187): Warning: <h5> anchor "Usage" already defined
KNeighborsClassifier.html:239:1 (KNeighborsClassifier.Rd:191): Warning: <h5> anchor "Examples" already defined
KNeighborsClassifier.html:258:1 (KNeighborsClassifier.Rd:205): Warning: <h5> anchor "Usage" already defined
KNeighborsClassifier.html:264:1 (KNeighborsClassifier.Rd:209): Warning: <h5> anchor "Arguments" already defined
KNeighborsRegressor.html:125:1 (KNeighborsRegressor.Rd:113): Warning: <h5> anchor "Usage" already defined
KNeighborsRegressor.html:131:1 (KNeighborsRegressor.Rd:117): Warning: <h5> anchor "Arguments" already defined
KNeighborsRegressor.html:153:1 (KNeighborsRegressor.Rd:129): Warning: <h5> anchor "Examples" already defined
KNeighborsRegressor.html:180:1 (KNeighborsRegressor.Rd:151): Warning: <h5> anchor "Usage" already defined
KNeighborsRegressor.html:186:1 (KNeighborsRegressor.Rd:155): Warning: <h5> anchor "Arguments" already defined
KNeighborsRegressor.html:199:1 (KNeighborsRegressor.Rd:162): Warning: <h5> anchor "Returns" already defined
KNeighborsRegressor.html:206:1 (KNeighborsRegressor.Rd:165): Warning: <h5> anchor "Examples" already defined
KNeighborsRegressor.html:233:1 (KNeighborsRegressor.Rd:187): Warning: <h5> anchor "Usage" already defined
KNeighborsRegressor.html:239:1 (KNeighborsRegressor.Rd:191): Warning: <h5> anchor "Examples" already defined
KNeighborsRegressor.html:258:1 (KNeighborsRegressor.Rd:205): Warning: <h5> anchor "Usage" already defined
KNeighborsRegressor.html:264:1 (KNeighborsRegressor.Rd:209): Warning: <h5> anchor "Arguments" already defined
LESSBase.html:362:1 (LESSBase.Rd:201): Warning: missing </ul> before </div>
LESSBase.html:143:1 (LESSBase.Rd:70): Warning: <h5> anchor "Usage" already defined
LESSBase.html:149:1 (LESSBase.Rd:74): Warning: <h5> anchor "Arguments" already defined
LESSBase.html:179:1 (LESSBase.Rd:90): Warning: <h5> anchor "Usage" already defined
LESSBase.html:195:1 (LESSBase.Rd:100): Warning: <h5> anchor "Usage" already defined
LESSBase.html:211:1 (LESSBase.Rd:110): Warning: <h5> anchor "Usage" already defined
LESSBase.html:227:1 (LESSBase.Rd:120): Warning: <h5> anchor "Usage" already defined
LESSBase.html:243:1 (LESSBase.Rd:130): Warning: <h5> anchor "Usage" already defined
LESSBase.html:259:1 (LESSBase.Rd:140): Warning: <h5> anchor "Usage" already defined
LESSBase.html:275:1 (LESSBase.Rd:150): Warning: <h5> anchor "Usage" already defined
LESSBase.html:291:1 (LESSBase.Rd:160): Warning: <h5> anchor "Usage" already defined
LESSBase.html:307:1 (LESSBase.Rd:170): Warning: <h5> anchor "Usage" already defined
LESSBase.html:323:1 (LESSBase.Rd:180): Warning: <h5> anchor "Usage" already defined
LESSBase.html:339:1 (LESSBase.Rd:190): Warning: <h5> anchor "Usage" already defined
LESSBase.html:345:1 (LESSBase.Rd:194): Warning: <h5> anchor "Arguments" already defined
LESSBinaryClassifier.html:327:1 (LESSBinaryClassifier.Rd:197): Warning: missing </ul> before </div>
LESSBinaryClassifier.html:185:1 (LESSBinaryClassifier.Rd:117): Warning: <h5> anchor "Usage" already defined
LESSBinaryClassifier.html:191:1 (LESSBinaryClassifier.Rd:121): Warning: <h5> anchor "Arguments" already defined
LESSBinaryClassifier.html:223:1 (LESSBinaryClassifier.Rd:139): Warning: <h5> anchor "Usage" already defined
LESSBinaryClassifier.html:229:1 (LESSBinaryClassifier.Rd:143): Warning: <h5> anchor "Arguments" already defined
LESSBinaryClassifier.html:252:1 (LESSBinaryClassifier.Rd:156): Warning: <h5> anchor "Usage" already defined
LESSBinaryClassifier.html:268:1 (LESSBinaryClassifier.Rd:166): Warning: <h5> anchor "Usage" already defined
LESSBinaryClassifier.html:274:1 (LESSBinaryClassifier.Rd:170): Warning: <h5> anchor "Arguments" already defined
LESSBinaryClassifier.html:287:1 (LESSBinaryClassifier.Rd:177): Warning: <h5> anchor "Returns" already defined
LESSBinaryClassifier.html:304:1 (LESSBinaryClassifier.Rd:186): Warning: <h5> anchor "Usage" already defined
LESSBinaryClassifier.html:310:1 (LESSBinaryClassifier.Rd:190): Warning: <h5> anchor "Arguments" already defined
LESSClassifier.html:181:1 (LESSClassifier.Rd:165): Warning: <h5> anchor "Usage" already defined
LESSClassifier.html:187:1 (LESSClassifier.Rd:169): Warning: <h5> anchor "Arguments" already defined
LESSClassifier.html:209:1 (LESSClassifier.Rd:181): Warning: <h5> anchor "Examples" already defined
LESSClassifier.html:238:1 (LESSClassifier.Rd:205): Warning: <h5> anchor "Usage" already defined
LESSClassifier.html:244:1 (LESSClassifier.Rd:209): Warning: <h5> anchor "Arguments" already defined
LESSClassifier.html:257:1 (LESSClassifier.Rd:216): Warning: <h5> anchor "Returns" already defined
LESSClassifier.html:264:1 (LESSClassifier.Rd:219): Warning: <h5> anchor "Examples" already defined
LESSClassifier.html:284:1 (LESSClassifier.Rd:234): Warning: <h5> anchor "Usage" already defined
LESSClassifier.html:290:1 (LESSClassifier.Rd:238): Warning: <h5> anchor "Examples" already defined
LESSClassifier.html:309:1 (LESSClassifier.Rd:252): Warning: <h5> anchor "Usage" already defined
LESSClassifier.html:315:1 (LESSClassifier.Rd:256): Warning: <h5> anchor "Arguments" already defined
LESSClassifier.html:328:1 (LESSClassifier.Rd:263): Warning: <h5> anchor "Returns" already defined
LESSClassifier.html:335:1 (LESSClassifier.Rd:266): Warning: <h5> anchor "Examples" already defined
LESSClassifier.html:354:1 (LESSClassifier.Rd:280): Warning: <h5> anchor "Usage" already defined
LESSClassifier.html:360:1 (LESSClassifier.Rd:284): Warning: <h5> anchor "Arguments" already defined
LESSRegressor.html:194:1 (LESSRegressor.Rd:168): Warning: <h5> anchor "Usage" already defined
LESSRegressor.html:200:1 (LESSRegressor.Rd:172): Warning: <h5> anchor "Arguments" already defined
LESSRegressor.html:222:1 (LESSRegressor.Rd:184): Warning: <h5> anchor "Examples" already defined
LESSRegressor.html:249:1 (LESSRegressor.Rd:206): Warning: <h5> anchor "Usage" already defined
LESSRegressor.html:255:1 (LESSRegressor.Rd:210): Warning: <h5> anchor "Arguments" already defined
LESSRegressor.html:268:1 (LESSRegressor.Rd:217): Warning: <h5> anchor "Returns" already defined
LESSRegressor.html:275:1 (LESSRegressor.Rd:220): Warning: <h5> anchor "Examples" already defined
LESSRegressor.html:295:1 (LESSRegressor.Rd:235): Warning: <h5> anchor "Usage" already defined
LESSRegressor.html:301:1 (LESSRegressor.Rd:239): Warning: <h5> anchor "Examples" already defined
LESSRegressor.html:320:1 (LESSRegressor.Rd:253): Warning: <h5> anchor "Usage" already defined
LESSRegressor.html:326:1 (LESSRegressor.Rd:257): Warning: <h5> anchor "Arguments" already defined
LinearRegression.html:138:1 (LinearRegression.Rd:117): Warning: <h5> anchor "Usage" already defined
LinearRegression.html:144:1 (LinearRegression.Rd:121): Warning: <h5> anchor "Arguments" already defined
LinearRegression.html:157:1 (LinearRegression.Rd:128): Warning: <h5> anchor "Returns" already defined
LinearRegression.html:164:1 (LinearRegression.Rd:131): Warning: <h5> anchor "Examples" already defined
LinearRegression.html:191:1 (LinearRegression.Rd:153): Warning: <h5> anchor "Usage" already defined
LinearRegression.html:197:1 (LinearRegression.Rd:157): Warning: <h5> anchor "Examples" already defined
LinearRegression.html:216:1 (LinearRegression.Rd:171): Warning: <h5> anchor "Usage" already defined
LinearRegression.html:222:1 (LinearRegression.Rd:175): Warning: <h5> anchor "Arguments" already defined
RandomForestClassifier.html:141:1 (RandomForestClassifier.Rd:130): Warning: <h5> anchor "Usage" already defined
RandomForestClassifier.html:147:1 (RandomForestClassifier.Rd:134): Warning: <h5> anchor "Arguments" already defined
RandomForestClassifier.html:169:1 (RandomForestClassifier.Rd:146): Warning: <h5> anchor "Examples" already defined
RandomForestClassifier.html:196:1 (RandomForestClassifier.Rd:168): Warning: <h5> anchor "Usage" already defined
RandomForestClassifier.html:202:1 (RandomForestClassifier.Rd:172): Warning: <h5> anchor "Arguments" already defined
RandomForestClassifier.html:215:1 (RandomForestClassifier.Rd:179): Warning: <h5> anchor "Returns" already defined
RandomForestClassifier.html:222:1 (RandomForestClassifier.Rd:182): Warning: <h5> anchor "Examples" already defined
RandomForestClassifier.html:249:1 (RandomForestClassifier.Rd:204): Warning: <h5> anchor "Usage" already defined
RandomForestClassifier.html:255:1 (RandomForestClassifier.Rd:208): Warning: <h5> anchor "Examples" already defined
RandomForestClassifier.html:274:1 (RandomForestClassifier.Rd:222): Warning: <h5> anchor "Usage" already defined
RandomForestClassifier.html:280:1 (RandomForestClassifier.Rd:226): Warning: <h5> anchor "Arguments" already defined
RandomForestRegressor.html:141:1 (RandomForestRegressor.Rd:123): Warning: <h5> anchor "Usage" already defined
RandomForestRegressor.html:147:1 (RandomForestRegressor.Rd:127): Warning: <h5> anchor "Arguments" already defined
RandomForestRegressor.html:169:1 (RandomForestRegressor.Rd:139): Warning: <h5> anchor "Examples" already defined
RandomForestRegressor.html:196:1 (RandomForestRegressor.Rd:161): Warning: <h5> anchor "Usage" already defined
RandomForestRegressor.html:202:1 (RandomForestRegressor.Rd:165): Warning: <h5> anchor "Arguments" already defined
RandomForestRegressor.html:215:1 (RandomForestRegressor.Rd:172): Warning: <h5> anchor "Returns" already defined
RandomForestRegressor.html:222:1 (RandomForestRegressor.Rd:175): Warning: <h5> anchor "Examples" already defined
RandomForestRegressor.html:242:1 (RandomForestRegressor.Rd:190): Warning: <h5> anchor "Usage" already defined
RandomForestRegressor.html:248:1 (RandomForestRegressor.Rd:194): Warning: <h5> anchor "Examples" already defined
RandomForestRegressor.html:267:1 (RandomForestRegressor.Rd:208): Warning: <h5> anchor "Usage" already defined
RandomForestRegressor.html:273:1 (RandomForestRegressor.Rd:212): Warning: <h5> anchor "Arguments" already defined
SVC.html:166:1 (SVC.Rd:154): Warning: <h5> anchor "Usage" already defined
SVC.html:172:1 (SVC.Rd:158): Warning: <h5> anchor "Arguments" already defined
SVC.html:194:1 (SVC.Rd:170): Warning: <h5> anchor "Examples" already defined
SVC.html:221:1 (SVC.Rd:192): Warning: <h5> anchor "Usage" already defined
SVC.html:227:1 (SVC.Rd:196): Warning: <h5> anchor "Arguments" already defined
SVC.html:240:1 (SVC.Rd:203): Warning: <h5> anchor "Returns" already defined
SVC.html:247:1 (SVC.Rd:206): Warning: <h5> anchor "Examples" already defined
SVC.html:274:1 (SVC.Rd:228): Warning: <h5> anchor "Usage" already defined
SVC.html:280:1 (SVC.Rd:232): Warning: <h5> anchor "Examples" already defined
SVC.html:299:1 (SVC.Rd:246): Warning: <h5> anchor "Usage" already defined
SVC.html:305:1 (SVC.Rd:250): Warning: <h5> anchor "Arguments" already defined
SVR.html:166:1 (SVR.Rd:154): Warning: <h5> anchor "Usage" already defined
SVR.html:172:1 (SVR.Rd:158): Warning: <h5> anchor "Arguments" already defined
SVR.html:194:1 (SVR.Rd:170): Warning: <h5> anchor "Examples" already defined
SVR.html:221:1 (SVR.Rd:192): Warning: <h5> anchor "Usage" already defined
SVR.html:227:1 (SVR.Rd:196): Warning: <h5> anchor "Arguments" already defined
SVR.html:240:1 (SVR.Rd:203): Warning: <h5> anchor "Returns" already defined
SVR.html:247:1 (SVR.Rd:206): Warning: <h5> anchor "Examples" already defined
SVR.html:274:1 (SVR.Rd:228): Warning: <h5> anchor "Usage" already defined
SVR.html:280:1 (SVR.Rd:232): Warning: <h5> anchor "Examples" already defined
SVR.html:299:1 (SVR.Rd:246): Warning: <h5> anchor "Usage" already defined
SVR.html:305:1 (SVR.Rd:250): Warning: <h5> anchor "Arguments" already defined
SklearnEstimator.html:110:1 (SklearnEstimator.Rd:85): Warning: <h5> anchor "Usage" already defined
SklearnEstimator.html:116:1 (SklearnEstimator.Rd:89): Warning: <h5> anchor "Examples" already defined
SklearnEstimator.html:135:1 (SklearnEstimator.Rd:103): Warning: <h5> anchor "Usage" already defined
SklearnEstimator.html:141:1 (SklearnEstimator.Rd:107): Warning: <h5> anchor "Examples" already defined
SklearnEstimator.html:160:1 (SklearnEstimator.Rd:121): Warning: <h5> anchor "Usage" already defined
SklearnEstimator.html:166:1 (SklearnEstimator.Rd:125): Warning: <h5> anchor "Examples" already defined
SklearnEstimator.html:185:1 (SklearnEstimator.Rd:139): Warning: <h5> anchor "Usage" already defined
Flavors: r-devel-linux-x86_64-debian-clang, r-devel-linux-x86_64-debian-gcc
Version: 0.1.0
Check: dependencies in R code
Result: NOTE
Namespace in Imports field not imported from: ‘R6’
All declared Imports should be used.
Flavors: r-devel-linux-x86_64-fedora-clang, r-devel-linux-x86_64-fedora-gcc