Last updated on 2025-10-21 17:49:52 CEST.
Flavor | Version | Tinstall | Tcheck | Ttotal | Status | Flags |
---|---|---|---|---|---|---|
r-devel-linux-x86_64-debian-clang | 5.0 | 29.77 | 345.42 | 375.19 | NOTE | |
r-devel-linux-x86_64-debian-gcc | 5.0 | 17.11 | 221.14 | 238.25 | NOTE | |
r-devel-linux-x86_64-fedora-clang | 5.0 | 153.00 | 476.18 | 629.18 | OK | |
r-devel-linux-x86_64-fedora-gcc | 5.0 | 59.00 | 534.12 | 593.12 | OK | |
r-devel-windows-x86_64 | 5.0 | 26.00 | 287.00 | 313.00 | NOTE | |
r-patched-linux-x86_64 | 5.0 | 28.44 | 335.38 | 363.82 | NOTE | |
r-release-linux-x86_64 | 5.0 | 23.25 | 333.99 | 357.24 | NOTE | |
r-release-macos-arm64 | 5.0 | 15.00 | 231.00 | 246.00 | OK | |
r-release-macos-x86_64 | 5.0 | 34.00 | 334.00 | 368.00 | OK | |
r-release-windows-x86_64 | 5.0 | 26.00 | 280.00 | 306.00 | NOTE | |
r-oldrel-macos-arm64 | 5.0 | 10.00 | 124.00 | 134.00 | OK | |
r-oldrel-macos-x86_64 | 5.0 | 17.00 | 215.00 | 232.00 | OK | |
r-oldrel-windows-x86_64 | 5.0 | 38.00 | 394.00 | 432.00 | OK |
Version: 5.0
Check: Rd cross-references
Result: NOTE
Found the following Rd file(s) with Rd \link{} targets missing package
anchors:
lets.presab.Rd: terra, sf
lets.presab.grid.Rd: terra, sf
lets.shFilter.Rd: terra, sf
Please provide package anchors for all Rd \link{} targets not in the
package itself and the base packages.
Flavors: r-devel-linux-x86_64-debian-clang, r-devel-linux-x86_64-debian-gcc, r-devel-windows-x86_64, r-patched-linux-x86_64, r-release-linux-x86_64, r-release-windows-x86_64