Last updated on 2025-10-22 11:51:13 CEST.
Flavor | Version | Tinstall | Tcheck | Ttotal | Status | Flags |
---|---|---|---|---|---|---|
r-devel-linux-x86_64-debian-clang | 1.1.3 | 6.83 | 59.85 | 66.68 | NOTE | |
r-devel-linux-x86_64-debian-gcc | 1.1.3 | 4.53 | 46.02 | 50.55 | NOTE | |
r-devel-linux-x86_64-fedora-clang | 1.1.3 | 28.00 | 78.82 | 106.82 | OK | |
r-devel-linux-x86_64-fedora-gcc | 1.1.3 | 12.00 | 83.73 | 95.73 | OK | |
r-devel-windows-x86_64 | 1.1.3 | 7.00 | 71.00 | 78.00 | OK | |
r-patched-linux-x86_64 | 1.1.3 | 6.82 | 57.51 | 64.33 | OK | |
r-release-linux-x86_64 | 1.1.3 | 6.75 | 57.16 | 63.91 | OK | |
r-release-macos-arm64 | 1.1.3 | 3.00 | 29.00 | 32.00 | OK | |
r-release-macos-x86_64 | 1.1.3 | 6.00 | 52.00 | 58.00 | OK | |
r-release-windows-x86_64 | 1.1.3 | 7.00 | 71.00 | 78.00 | OK | |
r-oldrel-macos-arm64 | 1.1.3 | 3.00 | 28.00 | 31.00 | OK | |
r-oldrel-macos-x86_64 | 1.1.3 | 5.00 | 41.00 | 46.00 | OK | |
r-oldrel-windows-x86_64 | 1.1.3 | 10.00 | 88.00 | 98.00 | OK |
Version: 1.1.3
Check: CRAN incoming feasibility
Result: NOTE
Maintainer: ‘Yuan Tang <terrytangyuan@gmail.com>’
Package CITATION file contains call(s) to old-style citEntry(). Please
use bibentry() instead.
Flavors: r-devel-linux-x86_64-debian-clang, r-devel-linux-x86_64-debian-gcc
Version: 1.1.3
Check: HTML version of manual
Result: NOTE
Found the following HTML validation problems:
print.lfda.html:51:1 (print.lfda.Rd:12): Warning: missing </ul> before </div>
Flavors: r-devel-linux-x86_64-debian-clang, r-devel-linux-x86_64-debian-gcc