Last updated on 2025-10-21 17:49:52 CEST.
Flavor | Version | Tinstall | Tcheck | Ttotal | Status | Flags |
---|---|---|---|---|---|---|
r-devel-linux-x86_64-debian-clang | 3.1.1 | 17.94 | 158.65 | 176.59 | NOTE | |
r-devel-linux-x86_64-debian-gcc | 3.1.1 | 11.26 | 122.52 | 133.78 | NOTE | |
r-devel-linux-x86_64-fedora-clang | 3.1.1 | 82.00 | 208.84 | 290.84 | OK | |
r-devel-linux-x86_64-fedora-gcc | 3.1.1 | 39.00 | 243.05 | 282.05 | OK | |
r-devel-windows-x86_64 | 3.1.1 | 36.00 | 192.00 | 228.00 | OK | |
r-patched-linux-x86_64 | 3.1.1 | 17.86 | 157.36 | 175.22 | OK | |
r-release-linux-x86_64 | 3.1.1 | 16.90 | 155.10 | 172.00 | OK | |
r-release-macos-arm64 | 3.1.1 | 14.00 | 126.00 | 140.00 | OK | |
r-release-macos-x86_64 | 3.1.1 | 30.00 | 210.00 | 240.00 | OK | |
r-release-windows-x86_64 | 3.1.1 | 36.00 | 202.00 | 238.00 | OK | |
r-oldrel-macos-arm64 | 3.1.1 | 15.00 | 108.00 | 123.00 | OK | |
r-oldrel-macos-x86_64 | 3.1.1 | 29.00 | 194.00 | 223.00 | OK | |
r-oldrel-windows-x86_64 | 3.1.1 | 45.00 | 226.00 | 271.00 | OK |
Version: 3.1.1
Check: HTML version of manual
Result: NOTE
Found the following HTML validation problems:
dot-.oldfelm.html:171:1 (dot-.oldfelm.Rd:113): Warning: missing </ul> before </div>
Flavors: r-devel-linux-x86_64-debian-clang, r-devel-linux-x86_64-debian-gcc