Last updated on 2025-10-22 23:50:00 CEST.
Flavor | Version | Tinstall | Tcheck | Ttotal | Status | Flags |
---|---|---|---|---|---|---|
r-devel-linux-x86_64-debian-clang | 1.0.3 | 27.14 | 261.38 | 288.52 | OK | |
r-devel-linux-x86_64-debian-gcc | 1.0.3 | 18.44 | 162.17 | 180.61 | OK | |
r-devel-linux-x86_64-fedora-clang | 1.0.3 | 92.00 | 374.43 | 466.43 | NOTE | |
r-devel-linux-x86_64-fedora-gcc | 1.0.3 | 60.00 | 391.27 | 451.27 | NOTE | |
r-devel-windows-x86_64 | 1.0.3 | 25.00 | 198.00 | 223.00 | OK | |
r-patched-linux-x86_64 | 1.0.3 | 25.63 | 243.89 | 269.52 | OK | |
r-release-linux-x86_64 | 1.0.3 | 24.37 | 245.21 | 269.58 | OK | |
r-release-macos-arm64 | 1.0.3 | 10.00 | 91.00 | 101.00 | OK | |
r-release-macos-x86_64 | 1.0.3 | 29.00 | 166.00 | 195.00 | OK | |
r-release-windows-x86_64 | 1.0.3 | 27.00 | 200.00 | 227.00 | OK | |
r-oldrel-macos-arm64 | 1.0.3 | 11.00 | 88.00 | 99.00 | OK | |
r-oldrel-macos-x86_64 | 1.0.3 | 23.00 | 212.00 | 235.00 | OK | |
r-oldrel-windows-x86_64 | 1.0.3 | 39.00 | 282.00 | 321.00 | OK |
Version: 1.0.3
Check: dependencies in R code
Result: NOTE
Namespace in Imports field not imported from: ‘knitr’
All declared Imports should be used.
Flavors: r-devel-linux-x86_64-fedora-clang, r-devel-linux-x86_64-fedora-gcc