Last updated on 2025-10-25 00:49:41 CEST.
| Flavor | Version | Tinstall | Tcheck | Ttotal | Status | Flags |
|---|---|---|---|---|---|---|
| r-devel-linux-x86_64-debian-clang | 1.9 | 3.68 | 30.31 | 33.99 | NOTE | |
| r-devel-linux-x86_64-debian-gcc | 1.9 | 2.74 | 23.01 | 25.75 | NOTE | |
| r-devel-linux-x86_64-fedora-clang | 1.9 | 11.00 | 40.89 | 51.89 | NOTE | |
| r-devel-linux-x86_64-fedora-gcc | 1.9 | 48.32 | NOTE | |||
| r-devel-windows-x86_64 | 1.9 | 5.00 | 48.00 | 53.00 | NOTE | |
| r-patched-linux-x86_64 | 1.9 | 4.06 | 28.24 | 32.30 | NOTE | |
| r-release-linux-x86_64 | 1.9 | 3.78 | 28.64 | 32.42 | NOTE | |
| r-release-macos-arm64 | 1.9 | 2.00 | 18.00 | 20.00 | NOTE | |
| r-release-macos-x86_64 | 1.9 | 4.00 | 29.00 | 33.00 | NOTE | |
| r-release-windows-x86_64 | 1.9 | 5.00 | 49.00 | 54.00 | NOTE | |
| r-oldrel-macos-arm64 | 1.9 | 2.00 | 17.00 | 19.00 | NOTE | |
| r-oldrel-macos-x86_64 | 1.9 | 3.00 | 24.00 | 27.00 | NOTE | |
| r-oldrel-windows-x86_64 | 1.9 | 6.00 | 55.00 | 61.00 | NOTE |
Version: 1.9
Check: Rd files
Result: NOTE
checkRd: (-1) likelihood_calculation.Rd:24: Lost braces
24 | For eqn{i = 1\dots N} independent observations in a vector \var{X}, with individual observations \eqn{x_i}{xi}, and a set of parameter values \eqn{\theta}:
| ^
checkRd: (-1) simulated_annealing_algorithm.Rd:17: Lost braces in \itemize; meant \describe ?
checkRd: (-1) simulated_annealing_algorithm.Rd:18: Lost braces in \itemize; meant \describe ?
checkRd: (-1) simulated_annealing_algorithm.Rd:19: Lost braces in \itemize; meant \describe ?
checkRd: (-1) simulated_annealing_algorithm.Rd:20: Lost braces in \itemize; meant \describe ?
checkRd: (-1) simulated_annealing_algorithm.Rd:21: Lost braces in \itemize; meant \describe ?
checkRd: (-1) simulated_annealing_algorithm.Rd:26: Lost braces in \itemize; meant \describe ?
checkRd: (-1) simulated_annealing_algorithm.Rd:27: Lost braces in \itemize; meant \describe ?
Flavors: r-devel-linux-x86_64-debian-clang, r-devel-linux-x86_64-debian-gcc, r-devel-linux-x86_64-fedora-clang, r-devel-linux-x86_64-fedora-gcc, r-devel-windows-x86_64, r-patched-linux-x86_64, r-release-linux-x86_64, r-release-macos-arm64, r-release-macos-x86_64, r-release-windows-x86_64, r-oldrel-macos-arm64, r-oldrel-macos-x86_64, r-oldrel-windows-x86_64