CRAN Package Check Results for Package lincom

Last updated on 2025-10-21 23:50:58 CEST.

Flavor Version Tinstall Tcheck Ttotal Status Flags
r-devel-linux-x86_64-debian-clang 1.2 3.32 30.24 33.56 NOTE
r-devel-linux-x86_64-debian-gcc 1.2 2.34 24.38 26.72 NOTE
r-devel-linux-x86_64-fedora-clang 1.2 11.00 40.51 51.51 OK
r-devel-linux-x86_64-fedora-gcc 1.2 62.04 OK
r-devel-windows-x86_64 1.2 6.00 49.00 55.00 OK
r-patched-linux-x86_64 1.2 2.50 29.08 31.58 OK
r-release-linux-x86_64 1.2 2.94 29.20 32.14 OK
r-release-macos-arm64 1.2 3.00 21.00 24.00 OK
r-release-macos-x86_64 1.2 5.00 40.00 45.00 OK
r-release-windows-x86_64 1.2 6.00 50.00 56.00 OK
r-oldrel-macos-arm64 1.2 3.00 28.00 31.00 OK
r-oldrel-macos-x86_64 1.2 8.00 85.00 93.00 OK
r-oldrel-windows-x86_64 1.2 6.00 56.00 62.00 OK

Check Details

Version: 1.2
Check: CRAN incoming feasibility
Result: NOTE Maintainer: ‘Yijian Huang <yhuang5@emory.edu>’ No Authors@R field in DESCRIPTION. Please add one, modifying Authors@R: person(given = "Yijian", family = "Huang", role = c("aut", "cre"), email = "yhuang5@emory.edu") as necessary. Flavors: r-devel-linux-x86_64-debian-clang, r-devel-linux-x86_64-debian-gcc