Last updated on 2025-10-25 06:49:44 CEST.
| Flavor | Version | Tinstall | Tcheck | Ttotal | Status | Flags |
|---|---|---|---|---|---|---|
| r-devel-linux-x86_64-debian-clang | 0.0.1 | 2.19 | 23.97 | 26.16 | OK | |
| r-devel-linux-x86_64-debian-gcc | 0.0.1 | 1.91 | 19.63 | 21.54 | OK | |
| r-devel-linux-x86_64-fedora-clang | 0.0.1 | 41.04 | OK | |||
| r-devel-linux-x86_64-fedora-gcc | 0.0.1 | 36.51 | OK | |||
| r-devel-windows-x86_64 | 0.0.1 | 3.00 | 48.00 | 51.00 | OK | |
| r-patched-linux-x86_64 | 0.0.1 | 2.23 | 22.53 | 24.76 | OK | |
| r-release-linux-x86_64 | 0.0.1 | 2.14 | 22.56 | 24.70 | OK | |
| r-release-macos-arm64 | 0.0.1 | 1.00 | 16.00 | 17.00 | OK | |
| r-release-macos-x86_64 | 0.0.1 | 2.00 | 29.00 | 31.00 | OK | |
| r-release-windows-x86_64 | 0.0.1 | 3.00 | 48.00 | 51.00 | OK | |
| r-oldrel-macos-arm64 | 0.0.1 | 1.00 | 20.00 | 21.00 | NOTE | |
| r-oldrel-macos-x86_64 | 0.0.1 | 3.00 | 31.00 | 34.00 | NOTE | |
| r-oldrel-windows-x86_64 | 0.0.1 | 3.00 | 50.00 | 53.00 | NOTE |
Version: 0.0.1
Check: LazyData
Result: NOTE
'LazyData' is specified without a 'data' directory
Flavors: r-oldrel-macos-arm64, r-oldrel-macos-x86_64, r-oldrel-windows-x86_64