Last updated on 2025-10-25 06:49:44 CEST.
| Flavor | Version | Tinstall | Tcheck | Ttotal | Status | Flags |
|---|---|---|---|---|---|---|
| r-devel-linux-x86_64-debian-clang | 0.2.0 | 69.01 | 32.20 | 101.21 | OK | |
| r-devel-linux-x86_64-debian-gcc | 0.2.0 | 60.73 | 25.13 | 85.86 | OK | |
| r-devel-linux-x86_64-fedora-clang | 0.2.0 | 108.00 | 45.96 | 153.96 | OK | |
| r-devel-linux-x86_64-fedora-gcc | 0.2.0 | 86.00 | 119.50 | 205.50 | OK | |
| r-devel-windows-x86_64 | 0.2.0 | 73.00 | 69.00 | 142.00 | OK | |
| r-patched-linux-x86_64 | 0.2.0 | 81.82 | 29.30 | 111.12 | OK | |
| r-release-linux-x86_64 | 0.2.0 | 80.76 | 29.27 | 110.03 | OK | |
| r-release-macos-arm64 | 0.2.0 | 29.00 | 18.00 | 47.00 | OK | |
| r-release-macos-x86_64 | 0.2.0 | 41.00 | 31.00 | 72.00 | OK | |
| r-release-windows-x86_64 | 0.2.0 | 77.00 | 70.00 | 147.00 | OK | |
| r-oldrel-macos-arm64 | 0.2.0 | 26.00 | 22.00 | 48.00 | NOTE | |
| r-oldrel-macos-x86_64 | 0.2.0 | 35.00 | 34.00 | 69.00 | NOTE | |
| r-oldrel-windows-x86_64 | 0.2.0 | 82.00 | 87.00 | 169.00 | OK |
Version: 0.2.0
Check: installed package size
Result: NOTE
installed size is 10.5Mb
sub-directories of 1Mb or more:
libs 10.3Mb
Flavors: r-oldrel-macos-arm64, r-oldrel-macos-x86_64