Last updated on 2025-10-26 11:50:43 CET.
| Flavor | Version | Tinstall | Tcheck | Ttotal | Status | Flags |
|---|---|---|---|---|---|---|
| r-devel-linux-x86_64-debian-clang | 0.2.0 | 8.65 | 74.26 | 82.91 | NOTE | |
| r-devel-linux-x86_64-debian-gcc | 0.2.0 | 6.16 | 57.49 | 63.65 | NOTE | |
| r-devel-linux-x86_64-fedora-clang | 0.2.0 | 24.00 | 103.03 | 127.03 | NOTE | |
| r-devel-linux-x86_64-fedora-gcc | 0.2.0 | 18.00 | 101.42 | 119.42 | NOTE | |
| r-devel-windows-x86_64 | 0.2.0 | 13.00 | 84.00 | 97.00 | OK | |
| r-patched-linux-x86_64 | 0.2.0 | 8.64 | 70.72 | 79.36 | OK | |
| r-release-linux-x86_64 | 0.2.0 | 8.15 | 70.00 | 78.15 | OK | |
| r-release-macos-arm64 | 0.2.0 | 4.00 | 34.00 | 38.00 | OK | |
| r-release-macos-x86_64 | 0.2.0 | 7.00 | 58.00 | 65.00 | OK | |
| r-release-windows-x86_64 | 0.2.0 | 11.00 | 88.00 | 99.00 | OK | |
| r-oldrel-macos-arm64 | 0.2.0 | 4.00 | 31.00 | 35.00 | NOTE | |
| r-oldrel-macos-x86_64 | 0.2.0 | 6.00 | 46.00 | 52.00 | NOTE | |
| r-oldrel-windows-x86_64 | 0.2.0 | 15.00 | 106.00 | 121.00 | NOTE |
Version: 0.2.0
Check: CRAN incoming feasibility
Result: NOTE
Maintainer: ‘Francesco Pauli <francesco.pauli@deams.units.it>’
No Authors@R field in DESCRIPTION.
Please add one, modifying
Authors@R: person(given = "Francesco",
family = "Pauli",
role = c("aut", "cre"),
email = "francesco.pauli@deams.units.it",
comment = "see file LICENSEMEDIA for credits on sounds and images")
as necessary.
Flavors: r-devel-linux-x86_64-debian-clang, r-devel-linux-x86_64-debian-gcc
Version: 0.2.0
Check: dependencies in R code
Result: NOTE
Namespace in Imports field not imported from: ‘shinyjs’
All declared Imports should be used.
Flavors: r-devel-linux-x86_64-fedora-clang, r-devel-linux-x86_64-fedora-gcc
Version: 0.2.0
Check: LazyData
Result: NOTE
'LazyData' is specified without a 'data' directory
Flavors: r-oldrel-macos-arm64, r-oldrel-macos-x86_64, r-oldrel-windows-x86_64