Last updated on 2024-05-26 21:49:20 CEST.
Flavor | Version | Tinstall | Tcheck | Ttotal | Status | Flags |
---|---|---|---|---|---|---|
r-devel-linux-x86_64-debian-clang | 1.3.4 | 28.34 | 342.63 | 370.97 | OK | |
r-devel-linux-x86_64-debian-gcc | 1.3.4 | 20.98 | 246.65 | 267.63 | OK | |
r-devel-linux-x86_64-fedora-clang | 1.3.4 | 468.90 | NOTE | |||
r-devel-linux-x86_64-fedora-gcc | 1.3.4 | 469.33 | NOTE | |||
r-devel-windows-x86_64 | 1.3.4 | 18.00 | 336.00 | 354.00 | OK | |
r-patched-linux-x86_64 | 1.3.4 | 34.22 | 327.75 | 361.97 | OK | |
r-release-linux-x86_64 | 1.3.4 | 18.14 | 320.32 | 338.46 | OK | |
r-release-macos-arm64 | 1.3.4 | 240.00 | OK | |||
r-release-macos-x86_64 | 1.3.4 | 525.00 | OK | |||
r-release-windows-x86_64 | 1.3.4 | 20.00 | 383.00 | 403.00 | OK | |
r-oldrel-macos-arm64 | 1.3.4 | 169.00 | OK | |||
r-oldrel-macos-x86_64 | 1.3.4 | 512.00 | OK | |||
r-oldrel-windows-x86_64 | 1.3.4 | 23.00 | 353.00 | 376.00 | OK |
Version: 1.3.4
Check: dependencies in R code
Result: NOTE
Namespace in Imports field not imported from: ‘cli’
All declared Imports should be used.
Flavors: r-devel-linux-x86_64-fedora-clang, r-devel-linux-x86_64-fedora-gcc