CRAN Package Check Results for Package lorenz

Last updated on 2025-10-21 17:49:53 CEST.

Flavor Version Tinstall Tcheck Ttotal Status Flags
r-devel-linux-x86_64-debian-clang 0.1.0 2.38 23.70 26.08 OK
r-devel-linux-x86_64-debian-gcc 0.1.0 1.88 19.11 20.99 OK
r-devel-linux-x86_64-fedora-clang 0.1.0 38.19 OK
r-devel-linux-x86_64-fedora-gcc 0.1.0 35.29 OK
r-devel-windows-x86_64 0.1.0 4.00 41.00 45.00 OK
r-patched-linux-x86_64 0.1.0 2.42 21.13 23.55 OK
r-release-linux-x86_64 0.1.0 1.93 21.00 22.93 OK
r-release-macos-arm64 0.1.0 1.00 16.00 17.00 OK
r-release-macos-x86_64 0.1.0 2.00 24.00 26.00 OK
r-release-windows-x86_64 0.1.0 4.00 42.00 46.00 OK
r-oldrel-macos-arm64 0.1.0 1.00 15.00 16.00 NOTE
r-oldrel-macos-x86_64 0.1.0 2.00 21.00 23.00 NOTE
r-oldrel-windows-x86_64 0.1.0 6.00 47.00 53.00 NOTE

Check Details

Version: 0.1.0
Check: LazyData
Result: NOTE 'LazyData' is specified without a 'data' directory Flavors: r-oldrel-macos-arm64, r-oldrel-macos-x86_64, r-oldrel-windows-x86_64