Last updated on 2025-10-21 17:49:53 CEST.
Flavor | Version | Tinstall | Tcheck | Ttotal | Status | Flags |
---|---|---|---|---|---|---|
r-devel-linux-x86_64-debian-clang | 1.2 | 12.47 | 95.29 | 107.76 | NOTE | |
r-devel-linux-x86_64-debian-gcc | 1.2 | 8.56 | 68.88 | 77.44 | NOTE | |
r-devel-linux-x86_64-fedora-clang | 1.2 | 56.00 | 116.91 | 172.91 | OK | |
r-devel-linux-x86_64-fedora-gcc | 1.2 | 25.00 | 131.26 | 156.26 | OK | |
r-devel-windows-x86_64 | 1.2 | 13.00 | 108.00 | 121.00 | OK | |
r-patched-linux-x86_64 | 1.1 | 10.13 | 78.41 | 88.54 | OK | |
r-release-linux-x86_64 | 1.2 | 11.32 | 92.26 | 103.58 | OK | |
r-release-macos-arm64 | 1.2 | 5.00 | 40.00 | 45.00 | OK | |
r-release-macos-x86_64 | 1.2 | 12.00 | 80.00 | 92.00 | OK | |
r-release-windows-x86_64 | 1.2 | 14.00 | 106.00 | 120.00 | OK | |
r-oldrel-macos-arm64 | 1.2 | 5.00 | 47.00 | 52.00 | OK | |
r-oldrel-macos-x86_64 | 1.2 | 13.00 | 79.00 | 92.00 | OK | |
r-oldrel-windows-x86_64 | 1.2 | 17.00 | 130.00 | 147.00 | OK |
Version: 1.2
Check: HTML version of manual
Result: NOTE
Found the following HTML validation problems:
plot.lqmix.html:51:1 (plot.lqmix.Rd:12): Warning: missing </ul> before </div>
plot.search_lqmix.html:51:1 (plot.search_lqmix.Rd:12): Warning: missing </ul> before </div>
Flavors: r-devel-linux-x86_64-debian-clang, r-devel-linux-x86_64-debian-gcc