Last updated on 2025-10-22 11:51:14 CEST.
Flavor | Version | Tinstall | Tcheck | Ttotal | Status | Flags |
---|---|---|---|---|---|---|
r-devel-linux-x86_64-debian-clang | 1.3.8 | 142.50 | 300.04 | 442.54 | NOTE | |
r-devel-linux-x86_64-debian-gcc | 1.3.8 | 120.26 | 219.03 | 339.29 | NOTE | |
r-devel-linux-x86_64-fedora-clang | 1.3.9 | 660.00 | 87.77 | 747.77 | OK | |
r-devel-linux-x86_64-fedora-gcc | 1.3.9 | 171.00 | 634.27 | 805.27 | OK | |
r-devel-windows-x86_64 | 1.3.8 | 145.00 | 371.00 | 516.00 | OK | |
r-patched-linux-x86_64 | 1.3.8 | 168.58 | 289.89 | 458.47 | OK | |
r-release-linux-x86_64 | 1.3.8 | 162.75 | 289.05 | 451.80 | OK | |
r-release-macos-arm64 | 1.3.9 | 49.00 | 151.00 | 200.00 | OK | |
r-release-macos-x86_64 | 1.3.9 | 110.00 | 323.00 | 433.00 | OK | |
r-release-windows-x86_64 | 1.3.8 | 144.00 | 369.00 | 513.00 | OK | |
r-oldrel-macos-arm64 | 1.3.8 | 49.00 | 152.00 | 201.00 | NOTE | |
r-oldrel-macos-x86_64 | 1.3.8 | 70.00 | 289.00 | 359.00 | NOTE | |
r-oldrel-windows-x86_64 | 1.3.8 | 149.00 | 451.00 | 600.00 | OK |
Version: 1.3.8
Check: HTML version of manual
Result: NOTE
Found the following HTML validation problems:
lsirm.formula.html:51:1 (lsirm.formula.Rd:12): Warning: missing </ul> before </div>
Flavors: r-devel-linux-x86_64-debian-clang, r-devel-linux-x86_64-debian-gcc
Version: 1.3.8
Check: installed package size
Result: NOTE
installed size is 10.6Mb
sub-directories of 1Mb or more:
libs 9.8Mb
Flavors: r-oldrel-macos-arm64, r-oldrel-macos-x86_64