Last updated on 2025-10-21 17:49:53 CEST.
Flavor | Version | Tinstall | Tcheck | Ttotal | Status | Flags |
---|---|---|---|---|---|---|
r-devel-linux-x86_64-debian-clang | 1.2 | 12.21 | 23.28 | 35.49 | NOTE | |
r-devel-linux-x86_64-debian-gcc | 1.2 | 9.84 | 19.27 | 29.11 | NOTE | |
r-devel-linux-x86_64-fedora-clang | 1.2 | 34.00 | 27.15 | 61.15 | OK | |
r-devel-linux-x86_64-fedora-gcc | 1.2 | 37.00 | 23.84 | 60.84 | OK | |
r-devel-windows-x86_64 | 1.2 | 16.00 | 80.00 | 96.00 | OK | |
r-patched-linux-x86_64 | 1.2 | 13.91 | 22.05 | 35.96 | OK | |
r-release-linux-x86_64 | 1.2 | 13.71 | 22.43 | 36.14 | OK | |
r-release-macos-arm64 | 1.2 | 8.00 | 22.00 | 30.00 | OK | |
r-release-macos-x86_64 | 1.2 | 17.00 | 26.00 | 43.00 | OK | |
r-release-windows-x86_64 | 1.2 | 16.00 | 58.00 | 74.00 | OK | |
r-oldrel-macos-arm64 | 1.2 | 8.00 | 19.00 | 27.00 | OK | |
r-oldrel-macos-x86_64 | 1.2 | 13.00 | 29.00 | 42.00 | OK | |
r-oldrel-windows-x86_64 | 1.2 | 16.00 | 68.00 | 84.00 | OK |
Version: 1.2
Check: HTML version of manual
Result: NOTE
Found the following HTML validation problems:
plugin.html:46:1 (plugin.Rd:10): Warning: missing </ul> before </div>
Flavors: r-devel-linux-x86_64-debian-clang, r-devel-linux-x86_64-debian-gcc