Last updated on 2025-10-21 11:53:28 CEST.
Flavor | Version | Tinstall | Tcheck | Ttotal | Status | Flags |
---|---|---|---|---|---|---|
r-devel-linux-x86_64-debian-clang | 2.0.4 | 3.80 | 107.31 | 111.11 | NOTE | |
r-devel-linux-x86_64-debian-gcc | 2.0.4 | 2.72 | 63.41 | 66.13 | NOTE | |
r-devel-linux-x86_64-fedora-clang | 2.0.4 | 187.78 | OK | |||
r-devel-linux-x86_64-fedora-gcc | 2.0.4 | 176.18 | OK | |||
r-devel-windows-x86_64 | 2.0.4 | 5.00 | 128.00 | 133.00 | OK | |
r-patched-linux-x86_64 | 2.0.4 | 4.13 | 104.68 | 108.81 | OK | |
r-release-linux-x86_64 | 2.0.4 | 4.27 | 104.80 | 109.07 | OK | |
r-release-macos-arm64 | 2.0.4 | 43.00 | OK | |||
r-release-macos-x86_64 | 2.0.4 | 3.00 | 84.00 | 87.00 | OK | |
r-release-windows-x86_64 | 2.0.4 | 5.00 | 107.00 | 112.00 | OK | |
r-oldrel-macos-arm64 | 2.0.4 | 47.00 | OK | |||
r-oldrel-macos-x86_64 | 2.0.4 | 116.00 | OK | |||
r-oldrel-windows-x86_64 | 2.0.4 | 7.00 | 135.00 | 142.00 | OK |
Version: 2.0.4
Check: CRAN incoming feasibility
Result: NOTE
Maintainer: ‘Ocheredko Oleksandr <Ocheredko@yahoo.com>’
No Authors@R field in DESCRIPTION.
Please add one, modifying
Authors@R: person(given = "Ocheredko",
family = "Oleksandr",
role = c("aut", "cre"),
email = "ocheredko@yahoo.com")
as necessary.
Flavors: r-devel-linux-x86_64-debian-clang, r-devel-linux-x86_64-debian-gcc