Last updated on 2025-10-22 23:50:00 CEST.
Flavor | Version | Tinstall | Tcheck | Ttotal | Status | Flags |
---|---|---|---|---|---|---|
r-devel-linux-x86_64-debian-clang | 1.9.4 | 11.33 | 106.58 | 117.91 | NOTE | |
r-devel-linux-x86_64-debian-gcc | 1.9.4 | 9.13 | 70.66 | 79.79 | OK | |
r-devel-linux-x86_64-fedora-clang | 1.9.4 | 70.00 | 120.66 | 190.66 | OK | |
r-devel-linux-x86_64-fedora-gcc | 1.9.4 | 28.00 | 154.60 | 182.60 | OK | |
r-devel-windows-x86_64 | 1.9.4 | 18.00 | 183.00 | 201.00 | OK | |
r-patched-linux-x86_64 | 1.9.4 | 13.13 | 99.25 | 112.38 | OK | |
r-release-linux-x86_64 | 1.9.4 | 12.54 | 98.15 | 110.69 | OK | |
r-release-macos-arm64 | 1.9.4 | 7.00 | 57.00 | 64.00 | OK | |
r-release-macos-x86_64 | 1.9.4 | 12.00 | 110.00 | 122.00 | OK | |
r-release-windows-x86_64 | 1.9.4 | 22.00 | 145.00 | 167.00 | OK | |
r-oldrel-macos-arm64 | 1.9.4 | 6.00 | 53.00 | 59.00 | OK | |
r-oldrel-macos-x86_64 | 1.9.4 | 15.00 | 150.00 | 165.00 | OK | |
r-oldrel-windows-x86_64 | 1.9.4 | 24.00 | 171.00 | 195.00 | OK |
Version: 1.9.4
Check: HTML version of manual
Result: NOTE
Found the following HTML validation problems:
Deprecated.html:45:1 (Deprecated.Rd:10): Warning: missing </ul> before </div>
format_ISO8601_precision_check.html:61:1 (format_ISO8601_precision_check.Rd:21): Warning: missing </ul> before </div>
Flavor: r-devel-linux-x86_64-debian-clang