Last updated on 2025-10-21 17:49:53 CEST.
Flavor | Version | Tinstall | Tcheck | Ttotal | Status | Flags |
---|---|---|---|---|---|---|
r-devel-linux-x86_64-debian-clang | 0.2.1 | 68.73 | 123.82 | 192.55 | NOTE | |
r-devel-linux-x86_64-debian-gcc | 0.2.1 | 40.12 | 97.31 | 137.43 | NOTE | |
r-devel-linux-x86_64-fedora-clang | 0.2.1 | 169.00 | 138.88 | 307.88 | OK | |
r-devel-linux-x86_64-fedora-gcc | 0.2.1 | 86.00 | 189.82 | 275.82 | OK | |
r-devel-windows-x86_64 | 0.2.1 | 75.00 | 160.00 | 235.00 | OK | |
r-patched-linux-x86_64 | 0.2.1 | 64.23 | 116.87 | 181.10 | OK | |
r-release-linux-x86_64 | 0.2.1 | 62.34 | 116.45 | 178.79 | OK | |
r-release-macos-arm64 | 0.2.1 | 23.00 | 46.00 | 69.00 | OK | |
r-release-macos-x86_64 | 0.2.1 | 29.00 | 118.00 | 147.00 | OK | |
r-release-windows-x86_64 | 0.2.1 | 75.00 | 131.00 | 206.00 | OK | |
r-oldrel-macos-arm64 | 0.2.1 | 23.00 | 48.00 | 71.00 | NOTE | |
r-oldrel-macos-x86_64 | 0.2.1 | 29.00 | 109.00 | 138.00 | NOTE | |
r-oldrel-windows-x86_64 | 0.2.1 | 89.00 | 165.00 | 254.00 | OK |
Version: 0.2.1
Check: HTML version of manual
Result: NOTE
Found the following HTML validation problems:
logit.html:60:1 (logit.Rd:20): Warning: missing </ul> before </div>
loglikC_bin.html:95:1 (loglikC_bin.Rd:39): Warning: missing </ul> before </div>
matchingScore_C.html:73:1 (matchingScore_C.Rd:25): Warning: missing </ul> before </div>
Flavors: r-devel-linux-x86_64-debian-clang, r-devel-linux-x86_64-debian-gcc
Version: 0.2.1
Check: installed package size
Result: NOTE
installed size is 6.0Mb
sub-directories of 1Mb or more:
data 2.1Mb
libs 3.7Mb
Flavors: r-oldrel-macos-arm64, r-oldrel-macos-x86_64