Last updated on 2025-10-21 17:49:54 CEST.
Flavor | Version | Tinstall | Tcheck | Ttotal | Status | Flags |
---|---|---|---|---|---|---|
r-devel-linux-x86_64-debian-clang | 3.4.0 | 3.66 | 33.87 | 37.53 | NOTE | |
r-devel-linux-x86_64-debian-gcc | 3.4.0 | 3.08 | 24.97 | 28.05 | NOTE | |
r-devel-linux-x86_64-fedora-clang | 3.4.0 | 11.00 | 47.47 | 58.47 | NOTE | |
r-devel-linux-x86_64-fedora-gcc | 3.4.0 | 53.05 | NOTE | |||
r-devel-windows-x86_64 | 3.4.0 | 6.00 | 67.00 | 73.00 | OK | |
r-patched-linux-x86_64 | 3.4.0 | 4.29 | 31.70 | 35.99 | OK | |
r-release-linux-x86_64 | 3.4.0 | 4.37 | 31.85 | 36.22 | OK | |
r-release-macos-arm64 | 3.4.0 | 2.00 | 23.00 | 25.00 | OK | |
r-release-macos-x86_64 | 3.4.0 | 4.00 | 32.00 | 36.00 | OK | |
r-release-windows-x86_64 | 3.4.0 | 6.00 | 55.00 | 61.00 | OK | |
r-oldrel-macos-arm64 | 3.4.0 | 2.00 | 16.00 | 18.00 | NOTE | |
r-oldrel-macos-x86_64 | 3.4.0 | 3.00 | 24.00 | 27.00 | NOTE | |
r-oldrel-windows-x86_64 | 3.4.0 | 8.00 | 62.00 | 70.00 | NOTE |
Version: 3.4.0
Check: HTML version of manual
Result: NOTE
Found the following HTML validation problems:
helpers.html:48:1 (helpers.Rd:13): Warning: missing </ul> before </div>
Flavors: r-devel-linux-x86_64-debian-clang, r-devel-linux-x86_64-debian-gcc
Version: 3.4.0
Check: dependencies in R code
Result: NOTE
Namespace in Imports field not imported from: ‘utils’
All declared Imports should be used.
Flavors: r-devel-linux-x86_64-fedora-clang, r-devel-linux-x86_64-fedora-gcc
Version: 3.4.0
Check: LazyData
Result: NOTE
'LazyData' is specified without a 'data' directory
Flavors: r-oldrel-macos-arm64, r-oldrel-macos-x86_64, r-oldrel-windows-x86_64